CRAN Package Check Results for Package InflectSSP

Last updated on 2024-07-15 06:49:28 CEST.

Flavor Version Tinstall Tcheck Ttotal Status Flags
r-devel-linux-x86_64-debian-clang 1.6 14.14 124.99 139.13 OK
r-devel-linux-x86_64-debian-gcc 1.6 10.76 89.51 100.27 OK
r-devel-linux-x86_64-fedora-clang 1.6 173.60 NOTE
r-devel-linux-x86_64-fedora-gcc 1.6 178.02 NOTE
r-devel-windows-x86_64 1.6 13.00 95.00 108.00 OK
r-patched-linux-x86_64 1.6 11.99 117.82 129.81 OK
r-release-linux-x86_64 1.6 14.23 118.89 133.12 OK
r-release-macos-arm64 1.6 53.00 OK
r-release-macos-x86_64 1.6 74.00 OK
r-release-windows-x86_64 1.6 12.00 93.00 105.00 OK
r-oldrel-macos-arm64 1.6 57.00 OK
r-oldrel-macos-x86_64 1.6 105.00 OK
r-oldrel-windows-x86_64 1.6 15.00 108.00 123.00 OK

Check Details

Version: 1.6
Check: dependencies in R code
Result: NOTE Namespace in Imports field not imported from: ‘svglite’ All declared Imports should be used. Flavors: r-devel-linux-x86_64-fedora-clang, r-devel-linux-x86_64-fedora-gcc