CRAN Package Check Results for Package InDisc

Last updated on 2024-07-23 07:07:17 CEST.

Flavor Version Tinstall Tcheck Ttotal Status Flags
r-devel-linux-x86_64-debian-clang 1.1.0 4.60 42.63 47.23 OK
r-devel-linux-x86_64-debian-gcc 1.1.0 4.36 31.39 35.75 NOTE
r-devel-linux-x86_64-fedora-clang 1.1.0 61.11 OK
r-devel-linux-x86_64-fedora-gcc 1.1.0 56.22 OK
r-devel-windows-x86_64 1.1.0 6.00 49.00 55.00 NOTE
r-patched-linux-x86_64 1.1.0 6.53 41.81 48.34 OK
r-release-linux-x86_64 1.1.0 5.57 41.34 46.91 OK
r-release-macos-arm64 1.1.0 20.00 OK
r-release-macos-x86_64 1.1.0 29.00 OK
r-release-windows-x86_64 1.1.0 5.00 49.00 54.00 OK
r-oldrel-macos-arm64 1.1.0 20.00 OK
r-oldrel-macos-x86_64 1.1.0 29.00 OK
r-oldrel-windows-x86_64 1.1.0 7.00 53.00 60.00 OK

Check Details

Version: 1.1.0
Check: Rd cross-references
Result: NOTE Found the following Rd file(s) with Rd \link{} targets missing package anchors: InDisc.Rd: psych indisc-package.Rd: psych Please provide package anchors for all Rd \link{} targets not in the package itself and the base packages. Flavors: r-devel-linux-x86_64-debian-gcc, r-devel-windows-x86_64