CRAN Package Check Results for Package ICSKAT

Last updated on 2024-07-18 18:48:12 CEST.

Flavor Version Tinstall Tcheck Ttotal Status Flags
r-devel-linux-x86_64-debian-clang 0.2.0 38.40 110.50 148.90 NOTE
r-devel-linux-x86_64-debian-gcc 0.2.0 26.36 80.11 106.47 NOTE
r-devel-linux-x86_64-fedora-clang 0.2.0 194.77 NOTE
r-devel-linux-x86_64-fedora-gcc 0.2.0 195.06 NOTE
r-devel-windows-x86_64 0.2.0 32.00 110.00 142.00 NOTE
r-patched-linux-x86_64 0.2.0 31.07 102.78 133.85 NOTE
r-release-linux-x86_64 0.2.0 32.36 101.22 133.58 NOTE
r-release-macos-arm64 0.2.0 56.00 NOTE
r-release-macos-x86_64 0.2.0 82.00 NOTE
r-release-windows-x86_64 0.2.0 30.00 111.00 141.00 NOTE
r-oldrel-macos-arm64 0.2.0 62.00 NOTE
r-oldrel-macos-x86_64 0.2.0 100.00 NOTE
r-oldrel-windows-x86_64 0.2.0 39.00 138.00 177.00 NOTE

Check Details

Version: 0.2.0
Check: C++ specification
Result: NOTE Specified C++11: please drop specification unless essential Flavors: r-devel-linux-x86_64-debian-clang, r-devel-linux-x86_64-debian-gcc, r-devel-linux-x86_64-fedora-clang, r-devel-linux-x86_64-fedora-gcc, r-devel-windows-x86_64, r-patched-linux-x86_64, r-release-linux-x86_64, r-release-macos-arm64, r-release-macos-x86_64, r-release-windows-x86_64, r-oldrel-macos-arm64, r-oldrel-macos-x86_64, r-oldrel-windows-x86_64