CRAN Package Check Results for Package ICRanks

Last updated on 2024-07-13 06:49:40 CEST.

Flavor Version Tinstall Tcheck Ttotal Status Flags
r-devel-linux-x86_64-debian-clang 3.1 32.22 77.27 109.49 NOTE
r-devel-linux-x86_64-debian-gcc 3.1 24.52 58.34 82.86 NOTE
r-devel-linux-x86_64-fedora-clang 3.1 149.76 NOTE
r-devel-linux-x86_64-fedora-gcc 3.1 139.41 NOTE
r-devel-windows-x86_64 3.1 30.00 85.00 115.00 NOTE
r-patched-linux-x86_64 3.1 26.54 74.01 100.55 NOTE
r-release-linux-x86_64 3.1 30.88 72.54 103.42 NOTE
r-release-macos-arm64 3.1 38.00 NOTE
r-release-macos-x86_64 3.1 61.00 NOTE
r-release-windows-x86_64 3.1 28.00 87.00 115.00 NOTE
r-oldrel-macos-arm64 3.1 41.00 NOTE
r-oldrel-macos-x86_64 3.1 70.00 NOTE
r-oldrel-windows-x86_64 3.1 34.00 108.00 142.00 NOTE

Check Details

Version: 3.1
Check: C++ specification
Result: NOTE Specified C++11: please drop specification unless essential Flavors: r-devel-linux-x86_64-debian-clang, r-devel-linux-x86_64-debian-gcc, r-devel-linux-x86_64-fedora-clang, r-devel-linux-x86_64-fedora-gcc, r-devel-windows-x86_64, r-patched-linux-x86_64, r-release-linux-x86_64, r-release-macos-arm64, r-release-macos-x86_64, r-release-windows-x86_64, r-oldrel-macos-arm64, r-oldrel-macos-x86_64, r-oldrel-windows-x86_64

Version: 3.1
Check: Rd files
Result: NOTE checkRd: (-1) ic.ranks.Rd:46: Lost braces; missing escapes or markup? 46 | \item{n_adjust}{an integer-valued entry for advanced control over the lower- or upper-bound algorithms. When the "adjustL" parameter is TRUE, the new value of n_adjust is chosen automatically as the best adjustment on the lower affine bound of the chi-square quantiles according to the data. If adjustU is TRUE, then n_adjust contains the point at which the upper affine bound is tangent on the chi-square quantiles. Possible values {1,...,n-1}. If both adjustL and adjustU variables are left FALSE, then the default choice is that the lower affine bound passes between the chi-square quantiles at 1 and n-1 degrees of freedom, and the upper affine bound is tangent on n-1.} | ^ Flavors: r-devel-linux-x86_64-debian-clang, r-devel-linux-x86_64-debian-gcc, r-devel-linux-x86_64-fedora-clang, r-devel-linux-x86_64-fedora-gcc, r-devel-windows-x86_64, r-patched-linux-x86_64, r-release-linux-x86_64, r-release-macos-arm64, r-release-macos-x86_64, r-release-windows-x86_64