CRAN Package Check Results for Package ICD10gm

Last updated on 2024-07-17 06:57:54 CEST.

Flavor Version Tinstall Tcheck Ttotal Status Flags
r-devel-linux-x86_64-debian-clang 1.2.5 50.99 216.77 267.76 OK
r-devel-linux-x86_64-debian-gcc 1.2.5 46.42 152.88 199.30 OK
r-devel-linux-x86_64-fedora-clang 1.2.5 336.85 NOTE
r-devel-linux-x86_64-fedora-gcc 1.2.5 332.85 NOTE
r-devel-windows-x86_64 1.2.5 43.00 159.00 202.00 OK
r-patched-linux-x86_64 1.2.5 45.99 205.78 251.77 OK
r-release-linux-x86_64 1.2.5 33.79 206.42 240.21 OK
r-release-macos-arm64 1.2.5 108.00 OK
r-release-macos-x86_64 1.2.5 152.00 OK
r-release-windows-x86_64 1.2.5 43.00 158.00 201.00 OK
r-oldrel-macos-arm64 1.2.5 116.00 OK
r-oldrel-macos-x86_64 1.2.5 174.00 OK
r-oldrel-windows-x86_64 1.2.5 55.00 195.00 250.00 OK

Check Details

Version: 1.2.5
Check: data for non-ASCII characters
Result: NOTE Note: found 356712 marked UTF-8 strings Flavors: r-devel-linux-x86_64-fedora-clang, r-devel-linux-x86_64-fedora-gcc