CRAN Package Check Results for Package HMMpa

Last updated on 2024-07-23 07:07:16 CEST.

Flavor Version Tinstall Tcheck Ttotal Status Flags
r-devel-linux-x86_64-debian-clang 1.0.1 4.75 38.69 43.44 NOTE
r-devel-linux-x86_64-debian-gcc 1.0.1 3.63 29.29 32.92 NOTE
r-devel-linux-x86_64-fedora-clang 1.0.1 55.84 NOTE
r-devel-linux-x86_64-fedora-gcc 1.0.1 51.14 NOTE
r-devel-windows-x86_64 1.0.1 6.00 49.00 55.00 NOTE
r-patched-linux-x86_64 1.0.1 4.51 36.93 41.44 NOTE
r-release-linux-x86_64 1.0.1 4.16 36.91 41.07 NOTE
r-release-macos-arm64 1.0.1 18.00 NOTE
r-release-macos-x86_64 1.0.1 34.00 NOTE
r-release-windows-x86_64 1.0.1 5.00 48.00 53.00 NOTE
r-oldrel-macos-arm64 1.0.1 19.00 NOTE
r-oldrel-macos-x86_64 1.0.1 27.00 NOTE
r-oldrel-windows-x86_64 1.0.1 6.00 53.00 59.00 NOTE

Check Details

Version: 1.0.1
Check: LazyData
Result: NOTE 'LazyData' is specified without a 'data' directory Flavors: r-devel-linux-x86_64-debian-clang, r-devel-linux-x86_64-debian-gcc, r-devel-linux-x86_64-fedora-clang, r-devel-linux-x86_64-fedora-gcc, r-devel-windows-x86_64, r-patched-linux-x86_64, r-release-linux-x86_64, r-release-macos-arm64, r-release-macos-x86_64, r-release-windows-x86_64, r-oldrel-macos-arm64, r-oldrel-macos-x86_64, r-oldrel-windows-x86_64