CRAN Package Check Results for Package GxEScanR

Last updated on 2024-07-13 18:55:34 CEST.

Flavor Version Tinstall Tcheck Ttotal Status Flags
r-devel-linux-x86_64-debian-clang 2.0.2 83.75 94.38 178.13 NOTE
r-devel-linux-x86_64-debian-gcc 2.0.2 57.53 71.50 129.03 NOTE
r-devel-linux-x86_64-fedora-clang 2.0.2 247.63 NOTE
r-devel-linux-x86_64-fedora-gcc 2.0.2 250.98 NOTE
r-devel-windows-x86_64 2.0.2 62.00 107.00 169.00 NOTE
r-patched-linux-x86_64 2.0.2 67.34 90.07 157.41 NOTE
r-release-linux-x86_64 2.0.2 73.63 92.56 166.19 NOTE
r-release-macos-arm64 2.0.2 67.00 NOTE
r-release-macos-x86_64 2.0.2 87.00 NOTE
r-release-windows-x86_64 2.0.2 62.00 109.00 171.00 NOTE
r-oldrel-macos-arm64 2.0.2 70.00 NOTE
r-oldrel-macos-x86_64 2.0.2 115.00 NOTE
r-oldrel-windows-x86_64 2.0.2 73.00 126.00 199.00 NOTE

Check Details

Version: 2.0.2
Check: C++ specification
Result: NOTE Specified C++11: please drop specification unless essential Flavors: r-devel-linux-x86_64-debian-clang, r-devel-linux-x86_64-debian-gcc, r-devel-linux-x86_64-fedora-clang, r-devel-linux-x86_64-fedora-gcc, r-devel-windows-x86_64, r-patched-linux-x86_64, r-release-linux-x86_64, r-release-macos-arm64, r-release-macos-x86_64, r-release-windows-x86_64, r-oldrel-macos-arm64, r-oldrel-macos-x86_64, r-oldrel-windows-x86_64