CRAN Package Check Results for Package GpGp

Last updated on 2024-06-14 05:58:24 CEST.

Flavor Version Tinstall Tcheck Ttotal Status Flags
r-devel-linux-x86_64-debian-clang 0.5.0 67.22 81.90 149.12 NOTE
r-devel-linux-x86_64-debian-gcc 0.5.0 55.22 47.83 103.05 ERROR
r-devel-linux-x86_64-fedora-clang 0.5.0 214.11 NOTE
r-devel-linux-x86_64-fedora-gcc 0.5.0 222.13 NOTE
r-devel-windows-x86_64 0.5.0 61.00 121.00 182.00 NOTE
r-patched-linux-x86_64 0.5.0 65.04 82.75 147.79 NOTE
r-release-linux-x86_64 0.5.0 63.10 76.37 139.47 NOTE
r-release-macos-arm64 0.5.0 48.00 NOTE
r-release-macos-x86_64 0.5.0 81.00 NOTE
r-release-windows-x86_64 0.5.0 59.00 117.00 176.00 NOTE
r-oldrel-macos-arm64 0.5.0 69.00 NOTE
r-oldrel-macos-x86_64 0.5.0 144.00 NOTE
r-oldrel-windows-x86_64 0.5.0 74.00 127.00 201.00 OK

Check Details

Version: 0.5.0
Check: HTML version of manual
Result: NOTE Found the following HTML validation problems: exponential_anisotropic3D_alt.html:70:1 (exponential_anisotropic3D_alt.Rd:34): Warning: trimming empty <h3> Flavors: r-devel-linux-x86_64-debian-clang, r-devel-linux-x86_64-debian-gcc, r-devel-linux-x86_64-fedora-clang, r-devel-linux-x86_64-fedora-gcc, r-devel-windows-x86_64, r-patched-linux-x86_64, r-release-linux-x86_64, r-release-windows-x86_64

Version: 0.5.0
Check: package dependencies
Result: NOTE Package suggested but not available for checking: ‘testthat’ Flavor: r-devel-linux-x86_64-debian-gcc

Version: 0.5.0
Check: tests
Result: ERROR Running ‘testthat.R’ [0s/0s] Running the tests in ‘tests/testthat.R’ failed. Complete output: > library(testthat) Error in library(testthat) : there is no package called 'testthat' Execution halted Flavor: r-devel-linux-x86_64-debian-gcc

Version: 0.5.0
Check: installed package size
Result: NOTE installed size is 7.9Mb sub-directories of 1Mb or more: data 1.4Mb libs 6.1Mb Flavors: r-release-macos-arm64, r-release-macos-x86_64, r-oldrel-macos-arm64, r-oldrel-macos-x86_64