CRAN Package Check Results for Package GeomComb

Last updated on 2024-07-25 06:52:14 CEST.

Flavor Version Tinstall Tcheck Ttotal Status Flags
r-devel-linux-x86_64-debian-clang 1.0 16.00 174.70 190.70 NOTE
r-devel-linux-x86_64-debian-gcc 1.0 11.64 125.14 136.78 NOTE
r-devel-linux-x86_64-fedora-clang 1.0 249.41 NOTE
r-devel-linux-x86_64-fedora-gcc 1.0 219.83 NOTE
r-devel-windows-x86_64 1.0 16.00 134.00 150.00 NOTE
r-patched-linux-x86_64 1.0 19.22 162.25 181.47 NOTE
r-release-linux-x86_64 1.0 10.35 161.92 172.27 NOTE
r-release-macos-arm64 1.0 58.00 NOTE
r-release-macos-x86_64 1.0 90.00 NOTE
r-release-windows-x86_64 1.0 15.00 137.00 152.00 NOTE
r-oldrel-macos-arm64 1.0 62.00 NOTE
r-oldrel-macos-x86_64 1.0 105.00 NOTE
r-oldrel-windows-x86_64 1.0 19.00 172.00 191.00 NOTE

Check Details

Version: 1.0
Check: LazyData
Result: NOTE 'LazyData' is specified without a 'data' directory Flavors: r-devel-linux-x86_64-debian-clang, r-devel-linux-x86_64-debian-gcc, r-devel-linux-x86_64-fedora-clang, r-devel-linux-x86_64-fedora-gcc, r-devel-windows-x86_64, r-patched-linux-x86_64, r-release-linux-x86_64, r-release-macos-arm64, r-release-macos-x86_64, r-release-windows-x86_64, r-oldrel-macos-arm64, r-oldrel-macos-x86_64, r-oldrel-windows-x86_64

Version: 1.0
Check: Rd cross-references
Result: NOTE Found the following Rd file(s) with Rd \link{} targets missing package anchors: comb_EIG2.Rd: accuracy comb_SA.Rd: accuracy Please provide package anchors for all Rd \link{} targets not in the package itself and the base packages. Flavors: r-devel-linux-x86_64-debian-gcc, r-devel-windows-x86_64