CRAN Package Check Results for Package GeneNet

Last updated on 2024-07-22 06:49:09 CEST.

Flavor Version Tinstall Tcheck Ttotal Status Flags
r-devel-linux-x86_64-debian-clang 1.2.16 3.02 30.33 33.35 OK
r-devel-linux-x86_64-debian-gcc 1.2.16 2.17 23.41 25.58 NOTE
r-devel-linux-x86_64-fedora-clang 1.2.16 42.44 OK
r-devel-linux-x86_64-fedora-gcc 1.2.16 39.64 OK
r-devel-windows-x86_64 1.2.16 3.00 52.00 55.00 NOTE
r-patched-linux-x86_64 1.2.16 5.60 29.65 35.25 OK
r-release-linux-x86_64 1.2.16 2.49 29.01 31.50 OK
r-release-macos-arm64 1.2.16 19.00 OK
r-release-macos-x86_64 1.2.16 34.00 OK
r-release-windows-x86_64 1.2.16 3.00 52.00 55.00 OK
r-oldrel-macos-arm64 1.2.16 18.00 OK
r-oldrel-macos-x86_64 1.2.16 25.00 OK
r-oldrel-windows-x86_64 1.2.16 5.00 53.00 58.00 OK

Check Details

Version: 1.2.16
Check: Rd cross-references
Result: NOTE Found the following Rd file(s) with Rd \link{} targets missing package anchors: ggm.estimate.pcor.Rd: dyn.pcor, pcor.shrink Please provide package anchors for all Rd \link{} targets not in the package itself and the base packages. Flavors: r-devel-linux-x86_64-debian-gcc, r-devel-windows-x86_64