CRAN Package Check Results for Package GenSA

Last updated on 2024-07-20 06:49:20 CEST.

Flavor Version Tinstall Tcheck Ttotal Status Flags
r-devel-linux-x86_64-debian-clang 1.1.14 13.12 24.19 37.31 NOTE
r-devel-linux-x86_64-debian-gcc 1.1.14 8.49 19.12 27.61 NOTE
r-devel-linux-x86_64-fedora-clang 1.1.14 54.58 NOTE
r-devel-linux-x86_64-fedora-gcc 1.1.14 47.44 NOTE
r-devel-windows-x86_64 1.1.14 14.00 51.00 65.00 NOTE
r-patched-linux-x86_64 1.1.14 10.00 22.97 32.97 OK
r-release-linux-x86_64 1.1.14 9.52 23.28 32.80 OK
r-release-macos-arm64 1.1.14 19.00 OK
r-release-macos-x86_64 1.1.14 25.00 OK
r-release-windows-x86_64 1.1.14 13.00 44.00 57.00 OK
r-oldrel-macos-arm64 1.1.14 26.00 OK
r-oldrel-macos-x86_64 1.1.14 56.00 OK
r-oldrel-windows-x86_64 1.1.14 18.00 42.00 60.00 OK

Additional issues

noRemap

Check Details

Version: 1.1.14
Check: compiled code
Result: NOTE File ‘GenSA/libs/GenSA.so’: Found non-API call to R: ‘SET_TYPEOF’ Compiled code should not call non-API entry points in R. See ‘Writing portable packages’ in the ‘Writing R Extensions’ manual, and section ‘Moving into C API compliance’ for issues with the use of non-API entry points. Flavors: r-devel-linux-x86_64-debian-clang, r-devel-linux-x86_64-debian-gcc, r-devel-linux-x86_64-fedora-clang, r-devel-linux-x86_64-fedora-gcc

Version: 1.1.14
Check: compiled code
Result: NOTE File 'GenSA/libs/x64/GenSA.dll': Found non-API call to R: 'SET_TYPEOF' Compiled code should not call non-API entry points in R. See 'Writing portable packages' in the 'Writing R Extensions' manual, and section 'Moving into C API compliance' for issues with the use of non-API entry points. Flavor: r-devel-windows-x86_64