CRAN Package Check Results for Package GWASExactHW

Last updated on 2024-06-22 06:50:47 CEST.

Flavor Version Tinstall Tcheck Ttotal Status Flags
r-devel-linux-x86_64-debian-clang 1.2 1.82 20.41 22.23 OK
r-devel-linux-x86_64-debian-gcc 1.2 1.94 15.80 17.74 OK
r-devel-linux-x86_64-fedora-clang 1.2 28.31 NOTE
r-devel-linux-x86_64-fedora-gcc 1.2 28.17 NOTE
r-devel-windows-x86_64 1.2 4.00 35.00 39.00 OK
r-patched-linux-x86_64 1.2 2.44 19.32 21.76 OK
r-release-linux-x86_64 1.2 2.36 18.99 21.35 OK
r-release-macos-arm64 1.2 14.00 OK
r-release-macos-x86_64 1.2 20.00 OK
r-release-windows-x86_64 1.2 5.00 36.00 41.00 OK
r-oldrel-macos-arm64 1.2 21.00 OK
r-oldrel-macos-x86_64 1.2 28.00 OK
r-oldrel-windows-x86_64 1.2 8.00 33.00 41.00 OK

Check Details

Version: 1.2
Check: compiled code
Result: NOTE File ‘GWASExactHW/libs/GWASExactHW.so’: Found no calls to: ‘R_registerRoutines’, ‘R_useDynamicSymbols’ It is good practice to register native routines and to disable symbol search. See ‘Writing portable packages’ in the ‘Writing R Extensions’ manual. Flavors: r-devel-linux-x86_64-fedora-clang, r-devel-linux-x86_64-fedora-gcc