CRAN Package Check Results for Package GPoM

Last updated on 2024-07-16 07:01:40 CEST.

Flavor Version Tinstall Tcheck Ttotal Status Flags
r-devel-linux-x86_64-debian-clang 1.4 12.55 806.38 818.93 OK
r-devel-linux-x86_64-debian-gcc 1.4 7.59 544.65 552.24 OK
r-devel-linux-x86_64-fedora-clang 1.4 1009.05 NOTE
r-devel-linux-x86_64-fedora-gcc 1.4 947.79 OK
r-devel-windows-x86_64 1.4 10.00 136.00 146.00 NOTE --no-vignettes
r-patched-linux-x86_64 1.4 10.60 784.01 794.61 OK
r-release-linux-x86_64 1.4 11.68 765.29 776.97 OK
r-release-macos-arm64 1.4 216.00 NOTE
r-release-macos-x86_64 1.4 393.00 NOTE
r-release-windows-x86_64 1.4 11.00 139.00 150.00 NOTE --no-vignettes
r-oldrel-macos-arm64 1.4 212.00 NOTE
r-oldrel-macos-x86_64 1.4 551.00 NOTE
r-oldrel-windows-x86_64 1.4 12.00 147.00 159.00 NOTE --no-vignettes

Check Details

Version: 1.4
Check: installed package size
Result: NOTE installed size is 5.3Mb sub-directories of 1Mb or more: data 1.4Mb doc 3.5Mb Flavors: r-devel-linux-x86_64-fedora-clang, r-release-macos-arm64, r-release-macos-x86_64, r-oldrel-macos-arm64, r-oldrel-macos-x86_64

Version: 1.4
Flags: --no-vignettes
Check: installed package size
Result: NOTE installed size is 5.2Mb sub-directories of 1Mb or more: data 1.4Mb doc 3.5Mb Flavors: r-devel-windows-x86_64, r-release-windows-x86_64, r-oldrel-windows-x86_64