CRAN Package Check Results for Package GNE

Last updated on 2024-07-12 18:52:15 CEST.

Flavor Version Tinstall Tcheck Ttotal Status Flags
r-devel-linux-x86_64-debian-clang 0.99-5 12.37 101.05 113.42 NOTE
r-devel-linux-x86_64-debian-gcc 0.99-5 8.50 76.04 84.54 NOTE
r-devel-linux-x86_64-fedora-clang 0.99-5 142.01 NOTE
r-devel-linux-x86_64-fedora-gcc 0.99-5 147.20 NOTE
r-devel-windows-x86_64 0.99-5 11.00 104.00 115.00 NOTE
r-patched-linux-x86_64 0.99-5 14.79 96.19 110.98 NOTE
r-release-linux-x86_64 0.99-5 11.11 94.68 105.79 NOTE
r-release-macos-arm64 0.99-5 43.00 NOTE
r-release-macos-x86_64 0.99-5 81.00 NOTE
r-release-windows-x86_64 0.99-5 13.00 104.00 117.00 NOTE
r-oldrel-macos-arm64 0.99-5 48.00 OK
r-oldrel-macos-x86_64 0.99-5 76.00 OK
r-oldrel-windows-x86_64 0.99-5 16.00 119.00 135.00 OK

Check Details

Version: 0.99-5
Check: Rd files
Result: NOTE checkRd: (-1) GNE.ceq.Rd:50: Lost braces 50 | (KKT) system denoted by \eqn{H(z)=0}, for \eqn{z \in \Omega} where eqn{z} is formed by the players strategy | ^ checkRd: (-1) GNE.nseq.Rd:76: Lost braces 76 | (KKT) system denoted by \eqn{\Phi(z)=0}{Phi(z)=0}, where eqn{z} is formed by the players strategy | ^ Flavors: r-devel-linux-x86_64-debian-clang, r-devel-linux-x86_64-debian-gcc, r-devel-linux-x86_64-fedora-clang, r-devel-linux-x86_64-fedora-gcc, r-devel-windows-x86_64, r-patched-linux-x86_64, r-release-linux-x86_64, r-release-macos-arm64, r-release-macos-x86_64, r-release-windows-x86_64

Version: 0.99-5
Check: Rd cross-references
Result: NOTE Found the following Rd file(s) with Rd \link{} targets missing package anchors: GNE.fpeq.Rd: fpiter, squarem GNE.nseq.Rd: nleqslv eqsolve.depr.Rd: nleqslv Please provide package anchors for all Rd \link{} targets not in the package itself and the base packages. Flavor: r-devel-windows-x86_64