CRAN Package Check Results for Package GCSM

Last updated on 2024-07-25 06:52:14 CEST.

Flavor Version Tinstall Tcheck Ttotal Status Flags
r-devel-linux-x86_64-debian-clang 0.1.1 88.14 31.53 119.67 NOTE
r-devel-linux-x86_64-debian-gcc 0.1.1 59.48 23.59 83.07 NOTE
r-devel-linux-x86_64-fedora-clang 0.1.1 199.82 NOTE
r-devel-linux-x86_64-fedora-gcc 0.1.1 187.36 NOTE
r-devel-windows-x86_64 0.1.1 72.00 65.00 137.00 NOTE
r-patched-linux-x86_64 0.1.1 92.90 30.27 123.17 NOTE
r-release-linux-x86_64 0.1.1 77.53 29.14 106.67 NOTE
r-release-macos-arm64 0.1.1 41.00 NOTE
r-release-macos-x86_64 0.1.1 42.00 NOTE
r-release-windows-x86_64 0.1.1 86.00 63.00 149.00 NOTE
r-oldrel-macos-arm64 0.1.1 50.00 NOTE
r-oldrel-macos-x86_64 0.1.1 85.00 NOTE
r-oldrel-windows-x86_64 0.1.1 82.00 74.00 156.00 NOTE

Check Details

Version: 0.1.1
Check: C++ specification
Result: NOTE Specified C++11: please drop specification unless essential Flavors: r-devel-linux-x86_64-debian-clang, r-devel-linux-x86_64-debian-gcc, r-devel-linux-x86_64-fedora-clang, r-devel-linux-x86_64-fedora-gcc, r-devel-windows-x86_64, r-patched-linux-x86_64, r-release-linux-x86_64, r-release-macos-arm64, r-release-macos-x86_64, r-release-windows-x86_64, r-oldrel-macos-arm64, r-oldrel-macos-x86_64, r-oldrel-windows-x86_64