CRAN Package Check Results for Package GCCfactor

Last updated on 2024-06-14 05:58:23 CEST.

Flavor Version Tinstall Tcheck Ttotal Status Flags
r-devel-linux-x86_64-debian-clang 1.0.1 3.58 51.34 54.92 OK
r-devel-linux-x86_64-debian-gcc 1.0.1 0.32 1.54 1.86 ERROR
r-devel-linux-x86_64-fedora-clang 1.0.1 71.32 OK
r-devel-linux-x86_64-fedora-gcc 1.0.1 68.05 OK
r-devel-windows-x86_64 1.0.1 5.00 62.00 67.00 OK
r-patched-linux-x86_64 1.0.1 3.92 53.02 56.94 OK
r-release-linux-x86_64 1.0.1 3.29 49.89 53.18 OK
r-release-macos-arm64 1.0.1 26.00 OK
r-release-macos-x86_64 1.0.1 42.00 OK
r-release-windows-x86_64 1.0.1 5.00 65.00 70.00 FAIL
r-oldrel-macos-arm64 1.0.1 28.00 OK
r-oldrel-macos-x86_64 1.0.1 67.00 OK
r-oldrel-windows-x86_64 1.0.1 7.00 68.00 75.00 OK

Check Details

Version: 1.0.1
Check: package dependencies
Result: ERROR Package required but not available: ‘stringr’ See section ‘The DESCRIPTION file’ in the ‘Writing R Extensions’ manual. Flavor: r-devel-linux-x86_64-debian-gcc

Version: 1.0.1
Check: HTML version of manual
Result: FAIL
Flavor: r-release-windows-x86_64