CRAN Package Check Results for Package FossilSimShiny

Last updated on 2024-06-18 05:57:37 CEST.

Flavor Version Tinstall Tcheck Ttotal Status Flags
r-devel-linux-x86_64-debian-clang 1.1.2 3.31 42.05 45.36 OK
r-devel-linux-x86_64-debian-gcc 1.1.2 3.15 32.61 35.76 OK
r-devel-linux-x86_64-fedora-clang 1.1.2 61.49 NOTE
r-devel-linux-x86_64-fedora-gcc 1.1.2 69.43 NOTE
r-devel-windows-x86_64 1.1.2 5.00 54.00 59.00 OK
r-patched-linux-x86_64 1.1.2 4.26 41.02 45.28 OK
r-release-linux-x86_64 1.1.2 4.17 41.73 45.90 OK
r-release-macos-arm64 1.1.2 30.00 OK
r-release-macos-x86_64 1.1.2 43.00 OK
r-release-windows-x86_64 1.1.2 6.00 55.00 61.00 OK
r-oldrel-macos-arm64 1.1.2 34.00 OK
r-oldrel-macos-x86_64 1.1.2 52.00 OK
r-oldrel-windows-x86_64 1.1.2 6.00 58.00 64.00 OK

Check Details

Version: 1.1.2
Check: dependencies in R code
Result: NOTE Namespaces in Imports field not imported from: ‘TreeSim’ ‘shinyjs’ All declared Imports should be used. Flavors: r-devel-linux-x86_64-fedora-clang, r-devel-linux-x86_64-fedora-gcc