CRAN Package Check Results for Package ForecastTB

Last updated on 2024-07-18 18:48:10 CEST.

Flavor Version Tinstall Tcheck Ttotal Status Flags
r-devel-linux-x86_64-debian-clang 1.0.1 9.58 88.10 97.68 NOTE
r-devel-linux-x86_64-debian-gcc 1.0.1 6.16 63.60 69.76 NOTE
r-devel-linux-x86_64-fedora-clang 1.0.1 117.58 NOTE
r-devel-linux-x86_64-fedora-gcc 1.0.1 155.71 NOTE
r-devel-windows-x86_64 1.0.1 10.00 78.00 88.00 NOTE
r-patched-linux-x86_64 1.0.1 11.11 81.60 92.71 NOTE
r-release-linux-x86_64 1.0.1 6.22 81.77 87.99 NOTE
r-release-macos-arm64 1.0.1 50.00 NOTE
r-release-macos-x86_64 1.0.1 104.00 NOTE
r-release-windows-x86_64 1.0.1 10.00 79.00 89.00 NOTE
r-oldrel-macos-arm64 1.0.1 48.00 NOTE
r-oldrel-macos-x86_64 1.0.1 81.00 NOTE
r-oldrel-windows-x86_64 1.0.1 13.00 93.00 106.00 NOTE

Check Details

Version: 1.0.1
Check: LazyData
Result: NOTE 'LazyData' is specified without a 'data' directory Flavors: r-devel-linux-x86_64-debian-clang, r-devel-linux-x86_64-debian-gcc, r-devel-linux-x86_64-fedora-clang, r-devel-linux-x86_64-fedora-gcc, r-devel-windows-x86_64, r-patched-linux-x86_64, r-release-linux-x86_64, r-release-macos-arm64, r-release-macos-x86_64, r-release-windows-x86_64, r-oldrel-macos-arm64, r-oldrel-macos-x86_64, r-oldrel-windows-x86_64

Version: 1.0.1
Check: dependencies in R code
Result: NOTE Namespace in Imports field not imported from: ‘decomposedPSF’ All declared Imports should be used. Flavors: r-devel-linux-x86_64-fedora-clang, r-devel-linux-x86_64-fedora-gcc