CRAN Package Check Results for Package FlexGAM

Last updated on 2024-07-20 18:57:30 CEST.

Flavor Version Tinstall Tcheck Ttotal Status Flags
r-devel-linux-x86_64-debian-clang 0.7.2 9.76 82.56 92.32 NOTE
r-devel-linux-x86_64-debian-gcc 0.7.2 8.88 59.30 68.18 NOTE
r-devel-linux-x86_64-fedora-clang 0.7.2 113.32 NOTE
r-devel-linux-x86_64-fedora-gcc 0.7.2 104.97 NOTE
r-devel-windows-x86_64 0.7.2 9.00 75.00 84.00 NOTE
r-patched-linux-x86_64 0.7.2 9.83 75.99 85.82 NOTE
r-release-linux-x86_64 0.7.2 10.39 76.40 86.79 NOTE
r-release-macos-arm64 0.7.2 35.00 NOTE
r-release-macos-x86_64 0.7.2 50.00 NOTE
r-release-windows-x86_64 0.7.2 9.00 75.00 84.00 NOTE
r-oldrel-macos-arm64 0.7.2 40.00 NOTE
r-oldrel-macos-x86_64 0.7.2 60.00 NOTE
r-oldrel-windows-x86_64 0.7.2 12.00 88.00 100.00 NOTE

Check Details

Version: 0.7.2
Check: LazyData
Result: NOTE 'LazyData' is specified without a 'data' directory Flavors: r-devel-linux-x86_64-debian-clang, r-devel-linux-x86_64-debian-gcc, r-devel-linux-x86_64-fedora-clang, r-devel-linux-x86_64-fedora-gcc, r-devel-windows-x86_64, r-patched-linux-x86_64, r-release-linux-x86_64, r-release-macos-arm64, r-release-macos-x86_64, r-release-windows-x86_64, r-oldrel-macos-arm64, r-oldrel-macos-x86_64, r-oldrel-windows-x86_64