Last updated on 2025-01-20 19:49:13 CET.
Flavor | Version | Tinstall | Tcheck | Ttotal | Status | Flags |
---|---|---|---|---|---|---|
r-devel-linux-x86_64-debian-clang | 0.2.0 | 3.76 | 35.05 | 38.81 | OK | |
r-devel-linux-x86_64-debian-gcc | 0.2.0 | 2.58 | 26.82 | 29.40 | OK | |
r-devel-linux-x86_64-fedora-clang | 0.2.0 | 65.20 | NOTE | |||
r-devel-linux-x86_64-fedora-gcc | 0.2.0 | 83.33 | NOTE | |||
r-devel-windows-x86_64 | 0.2.0 | 5.00 | 63.00 | 68.00 | OK | |
r-patched-linux-x86_64 | 0.2.0 | 3.74 | 33.75 | 37.49 | OK | |
r-release-linux-x86_64 | 0.2.0 | 3.54 | 33.68 | 37.22 | OK | |
r-release-macos-arm64 | 0.2.0 | 28.00 | OK | |||
r-release-macos-x86_64 | 0.2.0 | 46.00 | OK | |||
r-release-windows-x86_64 | 0.2.0 | 5.00 | 62.00 | 67.00 | OK | |
r-oldrel-macos-arm64 | 0.2.0 | 31.00 | OK | |||
r-oldrel-macos-x86_64 | 0.2.0 | 40.00 | OK | |||
r-oldrel-windows-x86_64 | 0.2.0 | 6.00 | 63.00 | 69.00 | OK |
Version: 0.2.0
Check: dependencies in R code
Result: NOTE
Namespaces in Imports field not imported from:
‘knitr’ ‘rmarkdown’ ‘utils’
All declared Imports should be used.
Flavors: r-devel-linux-x86_64-fedora-clang, r-devel-linux-x86_64-fedora-gcc