CRAN Package Check Results for Package FishPhyloMaker

Last updated on 2024-06-12 17:57:16 CEST.

Flavor Version Tinstall Tcheck Ttotal Status Flags
r-devel-linux-x86_64-debian-clang 0.2.0 4.78 45.00 49.78 OK
r-devel-linux-x86_64-debian-gcc 0.2.0 0.31 2.11 2.42 ERROR
r-devel-linux-x86_64-fedora-clang 0.2.0 64.63 NOTE
r-devel-linux-x86_64-fedora-gcc 0.2.0 72.56 NOTE
r-devel-windows-x86_64 0.2.0 5.00 62.00 67.00 OK
r-patched-linux-x86_64 0.2.0 3.68 44.51 48.19 OK
r-release-linux-x86_64 0.2.0 3.46 42.31 45.77 OK
r-release-macos-arm64 0.2.0 28.00 OK
r-release-macos-x86_64 0.2.0 46.00 OK
r-release-windows-x86_64 0.2.0 5.00 62.00 67.00 OK
r-oldrel-macos-arm64 0.2.0 31.00 OK
r-oldrel-macos-x86_64 0.2.0 40.00 OK
r-oldrel-windows-x86_64 0.2.0 8.00 63.00 71.00 OK

Check Details

Version: 0.2.0
Check: package dependencies
Result: ERROR Packages required but not available: 'geiger', 'phytools', 'progress', 'rfishbase' Package suggested but not available for checking: ‘gh’ See section ‘The DESCRIPTION file’ in the ‘Writing R Extensions’ manual. Flavor: r-devel-linux-x86_64-debian-gcc

Version: 0.2.0
Check: dependencies in R code
Result: NOTE Namespaces in Imports field not imported from: ‘knitr’ ‘rmarkdown’ ‘utils’ All declared Imports should be used. Flavors: r-devel-linux-x86_64-fedora-clang, r-devel-linux-x86_64-fedora-gcc