CRAN Package Check Results for Package FastSF

Last updated on 2024-07-23 07:07:13 CEST.

Flavor Version Tinstall Tcheck Ttotal Status Flags
r-devel-linux-x86_64-debian-clang 0.1.1 63.08 33.97 97.05 NOTE
r-devel-linux-x86_64-debian-gcc 0.1.1 48.20 27.23 75.43 NOTE
r-devel-linux-x86_64-fedora-clang 0.1.1 182.29 NOTE
r-devel-linux-x86_64-fedora-gcc 0.1.1 160.98 NOTE
r-devel-windows-x86_64 0.1.1 58.00 71.00 129.00 NOTE
r-patched-linux-x86_64 0.1.1 76.02 34.21 110.23 NOTE
r-release-linux-x86_64 0.1.1 56.64 34.69 91.33 NOTE
r-release-macos-arm64 0.1.1 39.00 NOTE
r-release-macos-x86_64 0.1.1 54.00 NOTE
r-release-windows-x86_64 0.1.1 71.00 70.00 141.00 NOTE
r-oldrel-macos-arm64 0.1.1 43.00 NOTE
r-oldrel-macos-x86_64 0.1.1 83.00 NOTE
r-oldrel-windows-x86_64 0.1.1 70.00 78.00 148.00 NOTE

Check Details

Version: 0.1.1
Check: LazyData
Result: NOTE 'LazyData' is specified without a 'data' directory Flavors: r-devel-linux-x86_64-debian-clang, r-devel-linux-x86_64-debian-gcc, r-devel-linux-x86_64-fedora-clang, r-devel-linux-x86_64-fedora-gcc, r-devel-windows-x86_64, r-patched-linux-x86_64, r-release-linux-x86_64, r-release-macos-arm64, r-release-macos-x86_64, r-release-windows-x86_64, r-oldrel-macos-arm64, r-oldrel-macos-x86_64, r-oldrel-windows-x86_64