CRAN Package Check Results for Package FarmSelect

Last updated on 2024-06-22 06:50:45 CEST.

Flavor Version Tinstall Tcheck Ttotal Status Flags
r-devel-linux-x86_64-debian-clang 1.0.2 44.69 89.16 133.85 NOTE
r-devel-linux-x86_64-debian-gcc 1.0.2 29.07 66.43 95.50 NOTE
r-devel-linux-x86_64-fedora-clang 1.0.2 177.59 NOTE
r-devel-linux-x86_64-fedora-gcc 1.0.2 188.62 NOTE
r-devel-windows-x86_64 1.0.2 36.00 105.00 141.00 NOTE
r-patched-linux-x86_64 1.0.2 34.34 86.53 120.87 NOTE
r-release-linux-x86_64 1.0.2 38.23 83.51 121.74 NOTE
r-release-macos-arm64 1.0.2 54.00 NOTE
r-release-macos-x86_64 1.0.2 84.00 NOTE
r-release-windows-x86_64 1.0.2 35.00 103.00 138.00 NOTE
r-oldrel-macos-arm64 1.0.2 61.00 NOTE
r-oldrel-macos-x86_64 1.0.2 94.00 NOTE
r-oldrel-windows-x86_64 1.0.2 44.00 121.00 165.00 NOTE

Check Details

Version: 1.0.2
Check: LazyData
Result: NOTE 'LazyData' is specified without a 'data' directory Flavors: r-devel-linux-x86_64-debian-clang, r-devel-linux-x86_64-debian-gcc, r-devel-linux-x86_64-fedora-clang, r-devel-linux-x86_64-fedora-gcc, r-devel-windows-x86_64, r-patched-linux-x86_64, r-release-linux-x86_64, r-release-macos-arm64, r-release-macos-x86_64, r-release-windows-x86_64, r-oldrel-macos-arm64, r-oldrel-macos-x86_64, r-oldrel-windows-x86_64