CRAN Package Check Results for Package FactoClass

Last updated on 2024-06-13 17:49:10 CEST.

Flavor Version Tinstall Tcheck Ttotal Status Flags
r-devel-linux-x86_64-debian-clang 1.2.9 14.06 75.60 89.66 OK
r-devel-linux-x86_64-debian-gcc 1.2.9 0.34 1.71 2.05 ERROR
r-devel-linux-x86_64-fedora-clang 1.2.9 111.58 OK
r-devel-linux-x86_64-fedora-gcc 1.2.9 101.31 OK
r-devel-windows-x86_64 1.2.9 12.00 80.00 92.00 OK
r-patched-linux-x86_64 1.2.9 11.81 73.15 84.96 OK
r-release-linux-x86_64 1.2.9 8.58 71.38 79.96 OK
r-release-macos-arm64 1.2.9 34.00 OK
r-release-macos-x86_64 1.2.9 51.00 OK
r-release-windows-x86_64 1.2.9 13.00 71.00 84.00 OK
r-oldrel-macos-arm64 1.2.9 43.00 OK
r-oldrel-macos-x86_64 1.2.9 72.00 OK
r-oldrel-windows-x86_64 1.2.9 16.00 96.00 112.00 OK

Check Details

Version: 1.2.9
Check: package dependencies
Result: ERROR Packages required but not available: 'ggplot2', 'ggrepel' See section ‘The DESCRIPTION file’ in the ‘Writing R Extensions’ manual. Flavor: r-devel-linux-x86_64-debian-gcc