CRAN Package Check Results for Package FSelectorRcpp

Last updated on 2024-06-23 06:56:32 CEST.

Flavor Version Tinstall Tcheck Ttotal Status Flags
r-devel-linux-x86_64-debian-clang 0.3.11 107.19 72.20 179.39 NOTE
r-devel-linux-x86_64-debian-gcc 0.3.11 79.49 53.79 133.28 NOTE
r-devel-linux-x86_64-fedora-clang 0.3.11 263.24 NOTE
r-devel-linux-x86_64-fedora-gcc 0.3.11 302.66 NOTE
r-devel-windows-x86_64 0.3.11 88.00 107.00 195.00 NOTE
r-patched-linux-x86_64 0.3.11 91.99 70.30 162.29 NOTE
r-release-linux-x86_64 0.3.11 76.12 72.18 148.30 NOTE
r-release-macos-arm64 0.3.11 72.00 NOTE
r-release-macos-x86_64 0.3.11 148.00 NOTE
r-release-windows-x86_64 0.3.11 90.00 106.00 196.00 NOTE
r-oldrel-macos-arm64 0.3.11 77.00 NOTE
r-oldrel-macos-x86_64 0.3.11 115.00 NOTE
r-oldrel-windows-x86_64 0.3.11 116.00 123.00 239.00 OK

Additional issues

noSuggests

Check Details

Version: 0.3.11
Check: Rd files
Result: NOTE checkRd: (-1) dot-information_gain.Rd:43: Lost braces in \itemize; meant \describe ? checkRd: (-1) dot-information_gain.Rd:44: Lost braces in \itemize; meant \describe ? checkRd: (-1) information_gain.Rd:44: Lost braces in \itemize; \value handles \item{}{} directly checkRd: (-1) information_gain.Rd:45: Lost braces in \itemize; \value handles \item{}{} directly Flavors: r-devel-linux-x86_64-debian-clang, r-devel-linux-x86_64-debian-gcc, r-devel-linux-x86_64-fedora-clang, r-devel-linux-x86_64-fedora-gcc, r-devel-windows-x86_64, r-patched-linux-x86_64, r-release-linux-x86_64, r-release-macos-arm64, r-release-macos-x86_64, r-release-windows-x86_64

Version: 0.3.11
Check: package dependencies
Result: NOTE Package suggested but not available for checking: ‘RTCGA.rnaseq’ Flavors: r-release-macos-arm64, r-oldrel-macos-arm64, r-oldrel-macos-x86_64

Version: 0.3.11
Check: installed package size
Result: NOTE installed size is 9.9Mb sub-directories of 1Mb or more: libs 9.5Mb Flavors: r-release-macos-arm64, r-release-macos-x86_64, r-oldrel-macos-arm64, r-oldrel-macos-x86_64