CRAN Package Check Results for Package FGRepo

Last updated on 2025-01-18 07:50:31 CET.

Flavor Version Tinstall Tcheck Ttotal Status Flags
r-devel-linux-x86_64-debian-clang 1.3.2.0 25.22 21.70 46.92 OK
r-devel-linux-x86_64-debian-gcc 1.3.2.0 20.47 18.19 38.66 OK
r-devel-linux-x86_64-fedora-clang 1.3.2.0 72.66 OK
r-devel-linux-x86_64-fedora-gcc 1.3.2.0 71.43 OK
r-devel-windows-x86_64 1.3.2.0 26.00 45.00 71.00 OK
r-patched-linux-x86_64 1.3.2.0 25.89 20.83 46.72 OK
r-release-linux-x86_64 1.3.2.0 24.22 20.70 44.92 OK
r-release-macos-arm64 1.3.2.0 36.00 NOTE
r-release-macos-x86_64 1.3.2.0 51.00 NOTE
r-release-windows-x86_64 1.3.2.0 27.00 43.00 70.00 OK
r-oldrel-macos-arm64 1.3.2.0 40.00 NOTE
r-oldrel-macos-x86_64 1.3.2.0 51.00 NOTE
r-oldrel-windows-x86_64 1.3.2.0 23.00 41.00 64.00 OK

Check Details

Version: 1.3.2.0
Check: installed package size
Result: NOTE installed size is 5.9Mb sub-directories of 1Mb or more: data 5.8Mb Flavors: r-release-macos-arm64, r-release-macos-x86_64, r-oldrel-macos-arm64, r-oldrel-macos-x86_64