CRAN Package Check Results for Package Evomorph

Last updated on 2024-06-14 05:58:22 CEST.

Flavor Version Tinstall Tcheck Ttotal Status Flags
r-devel-linux-x86_64-debian-clang 0.9 11.64 101.21 112.85 NOTE
r-devel-linux-x86_64-debian-gcc 0.9 0.25 1.68 1.93 ERROR
r-devel-linux-x86_64-fedora-clang 0.9 142.17 NOTE
r-devel-linux-x86_64-fedora-gcc 0.9 118.10 NOTE
r-devel-windows-x86_64 0.9 10.00 86.00 96.00 NOTE
r-patched-linux-x86_64 0.9 7.11 96.89 104.00 NOTE
r-release-linux-x86_64 0.9 7.41 98.76 106.17 NOTE
r-release-macos-arm64 0.9 40.00 NOTE
r-release-macos-x86_64 0.9 64.00 NOTE
r-release-windows-x86_64 0.9 11.00 117.00 128.00 WARN
r-oldrel-macos-arm64 0.9 44.00 OK
r-oldrel-macos-x86_64 0.9 64.00 OK
r-oldrel-windows-x86_64 0.9 14.00 106.00 120.00 OK

Check Details

Version: 0.9
Check: Rd files
Result: NOTE checkRd: (-1) ShapeDist.Rd:18: Lost braces; missing escapes or markup? 18 | Procrustes distance provides a measure of coincidence of two point sets {xi} and {yi}, i=1..N. For this purpose the variance of point deviations is calculated at the optimal superposition of the sets. It allows to characterize the shape proximity of a given simplex to shape of a reference one. | ^ checkRd: (-1) ShapeDist.Rd:18: Lost braces; missing escapes or markup? 18 | Procrustes distance provides a measure of coincidence of two point sets {xi} and {yi}, i=1..N. For this purpose the variance of point deviations is calculated at the optimal superposition of the sets. It allows to characterize the shape proximity of a given simplex to shape of a reference one. | ^ Flavors: r-devel-linux-x86_64-debian-clang, r-devel-linux-x86_64-fedora-clang, r-devel-linux-x86_64-fedora-gcc, r-devel-windows-x86_64, r-patched-linux-x86_64, r-release-linux-x86_64, r-release-macos-arm64, r-release-macos-x86_64

Version: 0.9
Check: package dependencies
Result: ERROR Packages required but not available: 'ggplot2', 'reshape2', 'geomorph', 'stringr' See section ‘The DESCRIPTION file’ in the ‘Writing R Extensions’ manual. Flavor: r-devel-linux-x86_64-debian-gcc

Version: 0.9
Check: whether the namespace can be unloaded cleanly
Result: WARN Error in inDL(x, as.logical(local), as.logical(now), ...) : unable to load shared object 'D:/RCompile/CRANpkg/lib/4.4/lattice/libs/x64/lattice.dll': LoadLibrary failure: Die Auslagerungsdatei ist zu klein, um diesen Vorgang durchzuführen. Calls: suppressMessages ... asNamespace -> loadNamespace -> library.dynam -> dyn.load -> inDL Execution halted Flavor: r-release-windows-x86_64

Version: 0.9
Check: foreign function calls
Result: NOTE Error: .onLoad failed in loadNamespace() for 'rgl', details: call: fun(libname, pkgname) error: Loading failed. Call sequence: 7: stop(gettextf("%s failed in %s() for '%s', details:\n call: %s\n error: %s", hookname, "loadNamespace", pkgname, deparse(conditionCall(res))[1L], conditionMessage(res)), call. = FALSE, domain = NA) 6: runHook(".onLoad", env, package.lib, package) 5: loadNamespace(i, c(lib.loc, .libPaths()), versionCheck = vI[[i]]) 4: namespaceImport(ns, loadNamespace(i, c(lib.loc, .libPaths()), versionCheck = vI[[i]]), from = package) 3: loadNamespace(i, c(lib.loc, .libPaths()), versionCheck = vI[[i]]) 2: namespaceImport(ns, loadNamespace(i, c(lib.loc, .libPaths()), versionCheck = vI[[i]]), from = package) 1: loadNamespace(package, lib.loc) Execution halted See chapter 'System and foreign language interfaces' in the 'Writing R Extensions' manual. Flavor: r-release-windows-x86_64

Version: 0.9
Check: R code for possible problems
Result: NOTE Error: memory exhausted Execution halted Flavor: r-release-windows-x86_64

Version: 0.9
Check: for code/documentation mismatches
Result: WARN Error: package or namespace load failed for 'Evomorph' in inDL(x, as.logical(local), as.logical(now), ...): unable to load shared object 'D:/RCompile/CRANpkg/lib/4.4/fansi/libs/x64/fansi.dll': LoadLibrary failure: Die Auslagerungsdatei ist zu klein, um diesen Vorgang durchzuführen. Call sequence: 6: stop(msg, call. = FALSE, domain = NA) 5: value[[3L]](cond) 4: tryCatchOne(expr, names, parentenv, handlers[[1L]]) 3: tryCatchList(expr, classes, parentenv, handlers) 2: tryCatch({ attr(package, "LibPath") <- which.lib.loc ns <- loadNamespace(package, lib.loc) env <- attachNamespace(ns, pos = pos, deps, exclude, include.only) }, error = function(e) { P <- if (!is.null(cc <- conditionCall(e))) paste(" in", deparse(cc)[1L]) else "" msg <- gettextf("package or namespace load failed for %s%s:\n %s", sQuote(package), P, conditionMessage(e)) if (logical.return && !quietly) message(paste("Error:", msg), do Execution halted Error: package or namespace load failed for 'Evomorph': cannot allocate vector of size 356 Kb Call sequence: 6: stop(msg, call. = FALSE, domain = NA) 5: value[[3L]](cond) 4: tryCatchOne(expr, names, parentenv, handlers[[1L]]) 3: tryCatchList(expr, classes, parentenv, handlers) 2: tryCatch({ attr(package, "LibPath") <- which.lib.loc ns <- loadNamespace(package, lib.loc) env <- attachNamespace(ns, pos = pos, deps, exclude, include.only) }, error = function(e) { P <- if (!is.null(cc <- conditionCall(e))) paste(" in", deparse(cc)[1L]) else "" msg <- gettextf("package or namespace load failed for %s%s:\n %s", sQuote(package), P, conditionMessage(e)) if (logical.return && !quietly) message(paste("Error:", msg), domain = NA) else stop(msg, call. = FALSE, domain = NA) }) 1: library(package, lib.loc = lib.loc, character.only = TRUE, verbose = FALSE) Execution halted Mingw-w64 runtime failure: VirtualProtect failed with code 0x5af Flavor: r-release-windows-x86_64

Version: 0.9
Check: Rd \usage sections
Result: NOTE Error: unable to load shared object 'D:/RCompile/CRANpkg/lib/4.4/Rcpp/libs/x64/Rcpp.dll': LoadLibrary failure: Die Auslagerungsdatei ist zu klein, um diesen Vorgang durchzuführen. Call sequence: 11: inDL(x, as.logical(local), as.logical(now), ...) 10: dyn.load(file, DLLpath = DLLpath, ...) 9: library.dynam(lib, package, package.lib) 8: loadNamespace(j <- i[[1L]], c(lib.loc, .libPaths()), versionCheck = vI[[j]]) 7: asNamespace(ns) 6: namespaceImportFrom(ns, loadNamespace(j <- i[[1L]], c(lib.loc, .libPaths()), versionCheck = vI[[j]]), i[[2L]], from = package) 5: loadNamespace(i, c(lib.loc, .libPaths()), versionCheck = vI[[i]]) 4: namespaceImport(ns, loadNamespace(i, c(lib.loc, .libPaths()), versionCheck = vI[[i]]), from = package) 3: loadNamespace(i, c(lib.loc, .libPaths()), versionCheck = vI[[i]]) 2: namespaceImport(ns, loadNamespace(i, c(lib.loc, .libPaths()), versionCheck = vI[[i]]), from = package) 1: loadNamespace(package, lib.loc) Execution halted The \usage entries for S3 methods should use the \method markup and not their full name. See chapter 'Writing R documentation files' in the 'Writing R Extensions' manual. Flavor: r-release-windows-x86_64

Version: 0.9
Check: PDF version of manual
Result: WARN LaTeX errors when creating PDF version. This typically indicates Rd problems. LaTeX errors found: Flavor: r-release-windows-x86_64