CRAN Package Check Results for Package EmissV

Last updated on 2024-06-14 05:58:21 CEST.

Flavor Version Tinstall Tcheck Ttotal Status Flags
r-devel-linux-x86_64-debian-clang 0.665.6.6 30.81 426.44 457.25 OK
r-devel-linux-x86_64-debian-gcc 0.665.6.6 26.82 228.76 255.58 ERROR
r-devel-linux-x86_64-fedora-clang 0.665.6.6 559.60 OK
r-devel-linux-x86_64-fedora-gcc 0.665.6.6 537.90 OK
r-devel-windows-x86_64 0.665.6.6 27.00 267.00 294.00 OK
r-patched-linux-x86_64 0.665.6.6 34.17 408.03 442.20 OK
r-release-linux-x86_64 0.665.6.6 30.59 394.23 424.82 OK
r-release-macos-arm64 0.665.6.6 122.00 OK
r-release-macos-x86_64 0.665.6.6 210.00 OK
r-release-windows-x86_64 0.665.6.6 26.00 297.00 323.00 WARN
r-oldrel-macos-arm64 0.665.6.6 134.00 OK
r-oldrel-macos-x86_64 0.665.6.6 251.00 OK
r-oldrel-windows-x86_64 0.665.6.6 37.00 354.00 391.00 OK

Check Details

Version: 0.665.6.6
Check: package dependencies
Result: NOTE Package suggested but not available for checking: ‘testthat’ Flavor: r-devel-linux-x86_64-debian-gcc

Version: 0.665.6.6
Check: tests
Result: ERROR Running ‘testthat.R’ [0s/0s] Running the tests in ‘tests/testthat.R’ failed. Complete output: > library(testthat) Error in library(testthat) : there is no package called 'testthat' Execution halted Flavor: r-devel-linux-x86_64-debian-gcc

Version: 0.665.6.6
Check: whether the package can be unloaded cleanly
Result: WARN Error: package or namespace load failed for 'EmissV' in inDL(x, as.logical(local), as.logical(now), ...): unable to load shared object 'D:/RCompile/CRANpkg/lib/4.4/sf/libs/x64/sf.dll': LoadLibrary failure: Die Auslagerungsdatei ist zu klein, um diesen Vorgang durchzuführen. Execution halted Flavor: r-release-windows-x86_64