CRAN Package Check Results for Package ETC

Last updated on 2024-06-21 05:58:04 CEST.

Flavor Version Tinstall Tcheck Ttotal Status Flags
r-devel-linux-x86_64-debian-clang 1.5 2.52 27.62 30.14 NOTE
r-devel-linux-x86_64-debian-gcc 1.5 2.32 21.00 23.32 NOTE
r-devel-linux-x86_64-fedora-clang 1.5 37.91 NOTE
r-devel-linux-x86_64-fedora-gcc 1.5 35.58 NOTE
r-devel-windows-x86_64 1.5 5.00 42.00 47.00 NOTE
r-patched-linux-x86_64 1.5 3.35 26.84 30.19 NOTE
r-release-linux-x86_64 1.5 2.83 26.51 29.34 NOTE
r-release-macos-arm64 1.5 16.00 NOTE
r-release-macos-x86_64 1.5 22.00 NOTE
r-release-windows-x86_64 1.5 5.00 44.00 49.00 NOTE
r-oldrel-macos-arm64 1.5 17.00 OK
r-oldrel-macos-x86_64 1.5 22.00 NOTE
r-oldrel-windows-x86_64 1.5 4.00 45.00 49.00 OK

Check Details

Version: 1.5
Check: Rd files
Result: NOTE checkRd: (-1) ETC-package.Rd:28-29: Lost braces in \itemize; meant \describe ? checkRd: (-1) ETC-package.Rd:30-31: Lost braces in \itemize; meant \describe ? checkRd: (-1) ETC-package.Rd:32: Lost braces in \itemize; meant \describe ? Flavors: r-devel-linux-x86_64-debian-clang, r-devel-linux-x86_64-debian-gcc, r-devel-linux-x86_64-fedora-clang, r-devel-linux-x86_64-fedora-gcc, r-devel-windows-x86_64, r-patched-linux-x86_64, r-release-linux-x86_64, r-release-macos-arm64, r-release-macos-x86_64, r-release-windows-x86_64

Version: 1.5
Check: package dependencies
Result: NOTE Packages suggested but not available for checking: 'SimComp', 'multcomp', 'mratios' Flavor: r-oldrel-macos-x86_64