CRAN Package Check Results for Package EML

Last updated on 2024-07-20 18:57:29 CEST.

Flavor Version Tinstall Tcheck Ttotal Status Flags
r-devel-linux-x86_64-debian-clang 2.0.6.1 8.01 104.82 112.83 OK
r-devel-linux-x86_64-debian-gcc 2.0.6.1 7.29 76.72 84.01 OK
r-devel-linux-x86_64-fedora-clang 2.0.6.1 154.88 OK
r-devel-linux-x86_64-fedora-gcc 2.0.6.1 148.98 OK
r-devel-windows-x86_64 2.0.6.1 10.00 142.00 152.00 NOTE --no-vignettes
r-patched-linux-x86_64 2.0.6.1 10.26 99.70 109.96 OK
r-release-linux-x86_64 2.0.6.1 7.98 99.29 107.27 OK
r-release-macos-arm64 2.0.6.1 50.00 OK
r-release-macos-x86_64 2.0.6.1 74.00 OK
r-release-windows-x86_64 2.0.6.1 10.00 142.00 152.00 OK --no-vignettes
r-oldrel-macos-arm64 2.0.6.1 53.00 OK
r-oldrel-macos-x86_64 2.0.6.1 82.00 OK
r-oldrel-windows-x86_64 2.0.6.1 13.00 107.00 120.00 OK --no-vignettes

Check Details

Version: 2.0.6.1
Flags: --no-vignettes
Check: Rd cross-references
Result: NOTE Found the following Rd file(s) with Rd \link{} targets missing package anchors: write_eml.Rd: write_xml Please provide package anchors for all Rd \link{} targets not in the package itself and the base packages. Flavor: r-devel-windows-x86_64