CRAN Package Check Results for Package ELMR

Last updated on 2024-06-22 06:50:44 CEST.

Flavor Version Tinstall Tcheck Ttotal Status Flags
r-devel-linux-x86_64-debian-clang 1.0 1.73 22.04 23.77 NOTE
r-devel-linux-x86_64-debian-gcc 1.0 1.85 16.94 18.79 NOTE
r-devel-linux-x86_64-fedora-clang 1.0 30.34 NOTE
r-devel-linux-x86_64-fedora-gcc 1.0 29.06 NOTE
r-devel-windows-x86_64 1.0 2.00 36.00 38.00 NOTE
r-patched-linux-x86_64 1.0 2.24 21.59 23.83 NOTE
r-release-linux-x86_64 1.0 2.40 21.43 23.83 NOTE
r-release-macos-arm64 1.0 13.00 NOTE
r-release-macos-x86_64 1.0 24.00 NOTE
r-release-windows-x86_64 1.0 3.00 35.00 38.00 NOTE
r-oldrel-macos-arm64 1.0 15.00 NOTE
r-oldrel-macos-x86_64 1.0 18.00 NOTE
r-oldrel-windows-x86_64 1.0 3.00 35.00 38.00 NOTE

Check Details

Version: 1.0
Check: LazyData
Result: NOTE 'LazyData' is specified without a 'data' directory Flavors: r-devel-linux-x86_64-debian-clang, r-devel-linux-x86_64-debian-gcc, r-devel-linux-x86_64-fedora-clang, r-devel-linux-x86_64-fedora-gcc, r-devel-windows-x86_64, r-patched-linux-x86_64, r-release-linux-x86_64, r-release-macos-arm64, r-release-macos-x86_64, r-release-windows-x86_64, r-oldrel-macos-arm64, r-oldrel-macos-x86_64, r-oldrel-windows-x86_64