CRAN Package Check Results for Package EGRET

Last updated on 2024-06-19 17:54:27 CEST.

Flavor Version Tinstall Tcheck Ttotal Status Flags
r-devel-linux-x86_64-debian-clang 3.0.9 14.19 233.86 248.05 NOTE
r-devel-linux-x86_64-debian-gcc 3.0.9 11.74 172.34 184.08 NOTE
r-devel-linux-x86_64-fedora-clang 3.0.9 308.05 NOTE
r-devel-linux-x86_64-fedora-gcc 3.0.9 308.99 NOTE
r-devel-windows-x86_64 3.0.9 13.00 199.00 212.00 NOTE
r-patched-linux-x86_64 3.0.9 18.73 225.19 243.92 NOTE
r-release-linux-x86_64 3.0.9 15.19 227.07 242.26 NOTE
r-release-macos-arm64 3.0.9 89.00 NOTE
r-release-macos-x86_64 3.0.9 310.00 NOTE
r-release-windows-x86_64 3.0.9 15.00 211.00 226.00 FAIL
r-oldrel-macos-arm64 3.0.9 88.00 OK
r-oldrel-macos-x86_64 3.0.9 176.00 OK
r-oldrel-windows-x86_64 3.0.9 19.00 245.00 264.00 OK

Check Details

Version: 3.0.9
Check: Rd files
Result: NOTE checkRd: (-1) Constants.Rd:13: Lost braces in \itemize; meant \describe ? checkRd: (-1) Constants.Rd:14: Lost braces in \itemize; meant \describe ? checkRd: (-1) Constants.Rd:15: Lost braces in \itemize; meant \describe ? checkRd: (-1) boxConcMonth.Rd:24: Lost braces; missing escapes or markup? 24 | \item{las}{numeric in {0,1,2,3}; the style of axis labels, see ?par} | ^ checkRd: (-1) boxQTwice.Rd:28: Lost braces; missing escapes or markup? 28 | \item{las}{numeric in {0,1,2,3}; the style of axis labels, see ?par} | ^ checkRd: (-1) boxResidMonth.Rd:17: Lost braces; missing escapes or markup? 17 | \item{las}{numeric in {0,1,2,3}; the style of axis labels} | ^ Flavors: r-devel-linux-x86_64-debian-clang, r-devel-linux-x86_64-debian-gcc, r-devel-linux-x86_64-fedora-clang, r-devel-linux-x86_64-fedora-gcc, r-devel-windows-x86_64, r-patched-linux-x86_64, r-release-linux-x86_64, r-release-macos-arm64, r-release-macos-x86_64, r-release-windows-x86_64

Version: 3.0.9
Check: re-building of vignette outputs
Result: ERROR Error(s) in re-building vignettes: --- re-building 'EGRET.Rmd' using rmarkdown --- finished re-building 'EGRET.Rmd' --- re-building 'Overview.Rmd' using rmarkdown --- finished re-building 'Overview.Rmd' --- re-building 'parallel.Rmd' using rmarkdown Warning in system(command) : 'CreateProcess' failed to run 'C:\PROGRA~1\Pandoc\pandoc.exe +RTS -K512m -RTS parallel.knit.md --to html4 --from markdown+autolink_bare_uris+tex_math_single_backslash --output pandoc1176810381da0.html --lua-filter "D:\RCompile\CRANpkg\lib\4.4\rmarkdown\rmarkdown\lua\pagebreak.lua" --lua-filter "D:\RCompile\CRANpkg\lib\4.4\rmarkdown\rmarkdown\lua\latex-div.lua" --embed-resources --standalone --section-divs --template "D:\RCompile\CRANpkg\lib\4.4\rmarkdown\rmd\h\default.html" --highlight-style py Error: processing vignette 'parallel.Rmd' failed with diagnostics: pandoc document conversion failed with error 127 --- failed re-building 'parallel.Rmd' SUMMARY: processing the following files failed: 'parallel.Rmd' 'units.Rmd' Error: Vignette re-building failed. Execution halted Flavor: r-release-windows-x86_64

Version: 3.0.9
Check: HTML version of manual
Result: FAIL
Flavor: r-release-windows-x86_64