CRAN Package Check Results for Package EFAtools

Last updated on 2024-07-22 06:49:06 CEST.

Flavor Version Tinstall Tcheck Ttotal Status Flags
r-devel-linux-x86_64-debian-clang 0.4.4 76.88 436.19 513.07 NOTE
r-devel-linux-x86_64-debian-gcc 0.4.4 53.65 332.68 386.33 NOTE
r-devel-linux-x86_64-fedora-clang 0.4.4 726.82 NOTE
r-devel-linux-x86_64-fedora-gcc 0.4.4 714.13 NOTE
r-devel-windows-x86_64 0.4.4 67.00 353.00 420.00 NOTE
r-patched-linux-x86_64 0.4.4 88.68 441.37 530.05 NOTE
r-release-linux-x86_64 0.4.4 52.34 435.60 487.94 NOTE
r-release-macos-arm64 0.4.4 176.00 NOTE
r-release-macos-x86_64 0.4.4 444.00 NOTE
r-release-windows-x86_64 0.4.4 80.00 382.00 462.00 NOTE
r-oldrel-macos-arm64 0.4.4 186.00 NOTE
r-oldrel-macos-x86_64 0.4.4 332.00 NOTE
r-oldrel-windows-x86_64 0.4.4 97.00 448.00 545.00 NOTE

Check Details

Version: 0.4.4
Check: C++ specification
Result: NOTE Specified C++11: please drop specification unless essential Flavors: r-devel-linux-x86_64-debian-clang, r-devel-linux-x86_64-debian-gcc, r-devel-linux-x86_64-fedora-clang, r-devel-linux-x86_64-fedora-gcc, r-devel-windows-x86_64, r-patched-linux-x86_64, r-release-linux-x86_64, r-release-macos-arm64, r-release-macos-x86_64, r-release-windows-x86_64, r-oldrel-macos-arm64, r-oldrel-macos-x86_64, r-oldrel-windows-x86_64

Version: 0.4.4
Check: Rd cross-references
Result: NOTE Found the following Rd file(s) with Rd \link{} targets missing package anchors: OMEGA.Rd: schmid Please provide package anchors for all Rd \link{} targets not in the package itself and the base packages. Flavors: r-devel-linux-x86_64-debian-gcc, r-devel-windows-x86_64

Version: 0.4.4
Check: dependencies in R code
Result: NOTE Namespace in Imports field not imported from: ‘progress’ All declared Imports should be used. Flavors: r-devel-linux-x86_64-fedora-clang, r-devel-linux-x86_64-fedora-gcc