CRAN Package Check Results for Package EDNE.EQ

Last updated on 2024-06-22 06:50:44 CEST.

Flavor Version Tinstall Tcheck Ttotal Status Flags
r-devel-linux-x86_64-debian-clang 1.0 2.10 30.19 32.29 OK
r-devel-linux-x86_64-debian-gcc 1.0 1.60 22.84 24.44 OK
r-devel-linux-x86_64-fedora-clang 1.0 39.53 NOTE
r-devel-linux-x86_64-fedora-gcc 1.0 37.20 OK
r-devel-windows-x86_64 1.0 3.00 44.00 47.00 OK
r-patched-linux-x86_64 1.0 2.04 28.78 30.82 OK
r-release-linux-x86_64 1.0 1.84 28.92 30.76 OK
r-release-macos-arm64 1.0 16.00 OK
r-release-macos-x86_64 1.0 23.00 OK
r-release-windows-x86_64 1.0 4.00 44.00 48.00 OK
r-oldrel-macos-arm64 1.0 17.00 OK
r-oldrel-macos-x86_64 1.0 23.00 OK
r-oldrel-windows-x86_64 1.0 3.00 45.00 48.00 OK

Check Details

Version: 1.0
Check: Rd cross-references
Result: NOTE Undeclared package ‘T2EQ’ in Rd xrefs Flavor: r-devel-linux-x86_64-fedora-clang