CRAN Package Check Results for Package DysPIA

Last updated on 2024-07-21 18:54:10 CEST.

Flavor Version Tinstall Tcheck Ttotal Status Flags
r-devel-linux-x86_64-debian-clang 1.3 19.47 50.22 69.69 OK
r-devel-linux-x86_64-debian-gcc 1.3 13.76 37.90 51.66 OK
r-devel-linux-x86_64-fedora-clang 1.3 100.74 OK
r-devel-linux-x86_64-fedora-gcc 1.3 98.65 OK
r-devel-windows-x86_64 1.3 17.00 76.00 93.00 NOTE
r-patched-linux-x86_64 1.3 20.63 47.21 67.84 OK
r-release-linux-x86_64 1.3 23.39 47.48 70.87 OK
r-release-macos-arm64 1.3 32.00 NOTE
r-release-macos-x86_64 1.3 43.00 NOTE
r-release-windows-x86_64 1.3 23.00 76.00 99.00 OK
r-oldrel-macos-arm64 1.3 35.00 NOTE
r-oldrel-macos-x86_64 1.3 45.00 NOTE
r-oldrel-windows-x86_64 1.3 21.00 89.00 110.00 NOTE

Check Details

Version: 1.3
Check: installed package size
Result: NOTE installed size is 5.0Mb sub-directories of 1Mb or more: data 3.9Mb Flavors: r-devel-windows-x86_64, r-release-macos-arm64, r-release-macos-x86_64, r-oldrel-macos-arm64, r-oldrel-macos-x86_64, r-oldrel-windows-x86_64