CRAN Package Check Results for Package Dykstra

Last updated on 2024-07-23 07:07:12 CEST.

Flavor Version Tinstall Tcheck Ttotal Status Flags
r-devel-linux-x86_64-debian-clang 1.0-0 2.23 22.10 24.33 OK
r-devel-linux-x86_64-debian-gcc 1.0-0 1.23 16.85 18.08 OK
r-devel-linux-x86_64-fedora-clang 1.0-0 30.90 NOTE
r-devel-linux-x86_64-fedora-gcc 1.0-0 30.51 OK
r-devel-windows-x86_64 1.0-0 2.00 37.00 39.00 OK
r-patched-linux-x86_64 1.0-0 2.02 21.39 23.41 OK
r-release-linux-x86_64 1.0-0 1.84 21.58 23.42 OK
r-release-macos-arm64 1.0-0 13.00 OK
r-release-macos-x86_64 1.0-0 19.00 OK
r-release-windows-x86_64 1.0-0 3.00 35.00 38.00 OK
r-oldrel-macos-arm64 1.0-0 18.00 OK
r-oldrel-macos-x86_64 1.0-0 19.00 OK
r-oldrel-windows-x86_64 1.0-0 4.00 36.00 40.00 OK

Check Details

Version: 1.0-0
Check: Rd cross-references
Result: NOTE Undeclared package ‘quadprog’ in Rd xrefs Flavor: r-devel-linux-x86_64-fedora-clang