CRAN Package Check Results for Package DyMEP

Last updated on 2024-06-14 05:58:21 CEST.

Flavor Version Tinstall Tcheck Ttotal Status Flags
r-devel-linux-x86_64-debian-clang 0.1.2 5.61 54.78 60.39 OK
r-devel-linux-x86_64-debian-gcc 0.1.2 3.33 36.47 39.80 ERROR
r-devel-linux-x86_64-fedora-clang 0.1.2 69.49 NOTE
r-devel-linux-x86_64-fedora-gcc 0.1.2 68.09 OK
r-devel-windows-x86_64 0.1.2 7.00 61.00 68.00 NOTE
r-patched-linux-x86_64 0.1.2 4.58 52.03 56.61 OK
r-release-linux-x86_64 0.1.2 4.59 53.77 58.36 OK
r-release-macos-arm64 0.1.2 35.00 NOTE
r-release-macos-x86_64 0.1.2 35.00 NOTE
r-release-windows-x86_64 0.1.2 7.00 63.00 70.00 WARN
r-oldrel-macos-arm64 0.1.2 31.00 NOTE
r-oldrel-macos-x86_64 0.1.2 64.00 NOTE
r-oldrel-windows-x86_64 0.1.2 8.00 66.00 74.00 NOTE

Check Details

Version: 0.1.2
Check: package dependencies
Result: NOTE Package suggested but not available for checking: ‘testthat’ Flavor: r-devel-linux-x86_64-debian-gcc

Version: 0.1.2
Check: tests
Result: ERROR Running ‘testthat.R’ [0s/1s] Running the tests in ‘tests/testthat.R’ failed. Complete output: > # This file is part of the standard setup for testthat. > # It is recommended that you do not modify it. > # > # Where should you do additional test configuration? > # Learn more about the roles of various files in: > # * https://r-pkgs.org/testing-design.html#sec-tests-files-overview > # * https://testthat.r-lib.org/articles/special-files.html > > library(testthat) Error in library(testthat) : there is no package called 'testthat' Execution halted Flavor: r-devel-linux-x86_64-debian-gcc

Version: 0.1.2
Check: installed package size
Result: NOTE installed size is 5.9Mb sub-directories of 1Mb or more: extdata 5.7Mb Flavors: r-devel-linux-x86_64-fedora-clang, r-devel-windows-x86_64, r-release-macos-arm64, r-release-macos-x86_64, r-release-windows-x86_64, r-oldrel-macos-arm64, r-oldrel-macos-x86_64, r-oldrel-windows-x86_64

Version: 0.1.2
Check: replacement functions
Result: WARN Fatal error: couldn't allocate node stack The argument of a replacement function which corresponds to the right hand side must be named 'value'. Flavor: r-release-windows-x86_64