CRAN Package Check Results for Package DoE.MIParray

Last updated on 2024-06-23 17:53:54 CEST.

Flavor Version Tinstall Tcheck Ttotal Status Flags
r-devel-linux-x86_64-debian-clang 1.0-1 9.91 57.58 67.49 NOTE
r-devel-linux-x86_64-debian-gcc 1.0-1 6.15 42.12 48.27 NOTE
r-devel-linux-x86_64-fedora-clang 1.0-1 79.70 NOTE
r-devel-linux-x86_64-fedora-gcc 1.0-1 75.55 NOTE
r-devel-windows-x86_64 1.0-1 7.00 61.00 68.00 NOTE
r-patched-linux-x86_64 1.0-1 11.50 54.82 66.32 NOTE
r-release-linux-x86_64 1.0-1 7.75 56.59 64.34 NOTE
r-release-macos-arm64 1.0-1 25.00 NOTE
r-release-macos-x86_64 1.0-1 36.00 NOTE
r-release-windows-x86_64 1.0-1 8.00 61.00 69.00 NOTE
r-oldrel-macos-arm64 1.0-1 27.00 NOTE
r-oldrel-macos-x86_64 1.0-1 60.00 NOTE
r-oldrel-windows-x86_64 1.0-1 9.00 75.00 84.00 NOTE

Check Details

Version: 1.0-1
Check: package dependencies
Result: NOTE Package which this enhances but not available for checking: ‘gurobi’ Flavors: r-devel-linux-x86_64-debian-clang, r-devel-linux-x86_64-debian-gcc, r-devel-linux-x86_64-fedora-clang, r-devel-linux-x86_64-fedora-gcc, r-devel-windows-x86_64, r-patched-linux-x86_64, r-release-linux-x86_64, r-release-macos-arm64, r-release-macos-x86_64, r-release-windows-x86_64, r-oldrel-macos-arm64, r-oldrel-macos-x86_64, r-oldrel-windows-x86_64