CRAN Package Check Results for Package DistPlotter

Last updated on 2024-06-14 05:58:20 CEST.

Flavor Version Tinstall Tcheck Ttotal Status Flags
r-devel-linux-x86_64-debian-clang 0.0.2 5.19 60.70 65.89 OK
r-devel-linux-x86_64-debian-gcc 0.0.2 0.57 1.63 2.20 ERROR
r-devel-linux-x86_64-fedora-clang 0.0.2 90.12 OK
r-devel-linux-x86_64-fedora-gcc 0.0.2 85.22 OK
r-devel-windows-x86_64 0.0.2 7.00 63.00 70.00 OK
r-patched-linux-x86_64 0.0.2 7.73 57.73 65.46 OK
r-release-linux-x86_64 0.0.2 4.83 56.86 61.69 OK
r-release-macos-arm64 0.0.2 28.00 OK
r-release-macos-x86_64 0.0.2 41.00 OK
r-release-windows-x86_64 0.0.2 7.00 7.00 14.00 FAIL
r-oldrel-macos-arm64 0.0.2 34.00 OK
r-oldrel-macos-x86_64 0.0.2 48.00 OK
r-oldrel-windows-x86_64 0.0.2 10.00 74.00 84.00 OK

Check Details

Version: 0.0.2
Check: package dependencies
Result: ERROR Packages required but not available: 'colourpicker', 'dplyr', 'ggplot2', 'rio', 'stringr' See section ‘The DESCRIPTION file’ in the ‘Writing R Extensions’ manual. Flavor: r-devel-linux-x86_64-debian-gcc

Version: 0.0.2
Check: package dependencies
Result: FAIL
Flavor: r-release-windows-x86_64