CRAN Package Check Results for Package DirectedClustering

Last updated on 2024-06-14 05:58:20 CEST.

Flavor Version Tinstall Tcheck Ttotal Status Flags
r-devel-linux-x86_64-debian-clang 0.1.1 2.59 31.88 34.47 OK
r-devel-linux-x86_64-debian-gcc 0.1.1 0.32 1.70 2.02 ERROR
r-devel-linux-x86_64-fedora-clang 0.1.1 44.91 OK
r-devel-linux-x86_64-fedora-gcc 0.1.1 43.81 OK
r-devel-windows-x86_64 0.1.1 4.00 50.00 54.00 OK
r-patched-linux-x86_64 0.1.1 3.54 31.75 35.29 OK
r-release-linux-x86_64 0.1.1 3.37 31.23 34.60 OK
r-release-macos-arm64 0.1.1 18.00 OK
r-release-macos-x86_64 0.1.1 26.00 OK
r-release-windows-x86_64 0.1.1 4.00 37.00 41.00 OK
r-oldrel-macos-arm64 0.1.1 19.00 OK
r-oldrel-macos-x86_64 0.1.1 25.00 OK
r-oldrel-windows-x86_64 0.1.1 4.00 52.00 56.00 OK

Check Details

Version: 0.1.1
Check: package dependencies
Result: ERROR Package required but not available: ‘igraph’ See section ‘The DESCRIPTION file’ in the ‘Writing R Extensions’ manual. Flavor: r-devel-linux-x86_64-debian-gcc