CRAN Package Check Results for Package DSSAT

Last updated on 2024-06-14 05:58:20 CEST.

Flavor Version Tinstall Tcheck Ttotal Status Flags
r-devel-linux-x86_64-debian-clang 0.0.9 12.89 94.07 106.96 OK
r-devel-linux-x86_64-debian-gcc 0.0.9 0.61 1.73 2.34 ERROR
r-devel-linux-x86_64-fedora-clang 0.0.9 131.99 OK
r-devel-linux-x86_64-fedora-gcc 0.0.9 128.45 OK
r-devel-windows-x86_64 0.0.9 11.00 91.00 102.00 OK
r-patched-linux-x86_64 0.0.9 13.26 88.53 101.79 OK
r-release-linux-x86_64 0.0.9 9.77 87.82 97.59 OK
r-release-macos-arm64 0.0.9 38.00 OK
r-release-macos-x86_64 0.0.9 62.00 OK
r-release-windows-x86_64 0.0.9 12.00 94.00 106.00 OK
r-oldrel-macos-arm64 0.0.9 44.00 OK
r-oldrel-macos-x86_64 0.0.9 71.00 OK
r-oldrel-windows-x86_64 0.0.9 15.00 107.00 122.00 OK

Check Details

Version: 0.0.9
Check: package dependencies
Result: ERROR Packages required but not available: 'dplyr', 'lubridate', 'purrr', 'readr', 'stringr', 'tibble', 'tidyr', 'tidyselect' See section ‘The DESCRIPTION file’ in the ‘Writing R Extensions’ manual. Flavor: r-devel-linux-x86_64-debian-gcc