CRAN Package Check Results for Package DRviaSPCN

Last updated on 2024-06-13 17:49:08 CEST.

Flavor Version Tinstall Tcheck Ttotal Status Flags
r-devel-linux-x86_64-debian-clang 0.1.4 65.60 595.86 661.46 OK
r-devel-linux-x86_64-debian-gcc 0.1.4 0.44 1.92 2.36 ERROR
r-devel-linux-x86_64-fedora-clang 0.1.4 865.45 OK
r-devel-linux-x86_64-fedora-gcc 0.1.4 763.61 OK
r-devel-windows-x86_64 0.1.4 23.00 5.00 28.00 ERROR
r-patched-linux-x86_64 0.1.4 56.18 567.80 623.98 OK
r-release-linux-x86_64 0.1.4 64.25 568.94 633.19 OK
r-release-macos-arm64 0.1.4 218.00 NOTE
r-release-macos-x86_64 0.1.4 331.00 NOTE
r-release-windows-x86_64 0.1.4 15.00 5.00 20.00 ERROR
r-oldrel-macos-arm64 0.1.4 10.00 ERROR
r-oldrel-macos-x86_64 0.1.4 11.00 ERROR
r-oldrel-windows-x86_64 0.1.4 79.00 500.00 579.00 OK

Check Details

Version: 0.1.4
Check: package dependencies
Result: ERROR Packages required but not available: 'GSVA', 'clusterProfiler', 'igraph', 'ChemmineR' See section ‘The DESCRIPTION file’ in the ‘Writing R Extensions’ manual. Flavor: r-devel-linux-x86_64-debian-gcc

Version: 0.1.4
Check: whether package can be installed
Result: ERROR Installation failed. Flavors: r-devel-windows-x86_64, r-release-windows-x86_64

Version: 0.1.4
Check: installed package size
Result: NOTE installed size is 5.6Mb sub-directories of 1Mb or more: data 5.4Mb Flavors: r-release-macos-arm64, r-release-macos-x86_64

Version: 0.1.4
Check: package dependencies
Result: ERROR Package required but not available: ‘GSVA’ See section ‘The DESCRIPTION file’ in the ‘Writing R Extensions’ manual. Flavors: r-oldrel-macos-arm64, r-oldrel-macos-x86_64