CRAN Package Check Results for Package DR.SC

Last updated on 2024-06-13 17:49:08 CEST.

Flavor Version Tinstall Tcheck Ttotal Status Flags
r-devel-linux-x86_64-debian-clang 3.4 163.83 338.30 502.13 OK
r-devel-linux-x86_64-debian-gcc 3.4 0.54 1.75 2.29 ERROR
r-devel-linux-x86_64-fedora-clang 3.4 690.40 OK
r-devel-linux-x86_64-fedora-gcc 3.4 444.55 OK
r-devel-windows-x86_64 3.4 124.00 247.00 371.00 OK
r-patched-linux-x86_64 3.4 149.54 323.15 472.69 OK
r-release-linux-x86_64 3.4 116.01 322.73 438.74 OK
r-release-macos-arm64 3.4 152.00 NOTE
r-release-macos-x86_64 3.4 216.00 NOTE
r-release-windows-x86_64 3.4 121.00 248.00 369.00 ERROR
r-oldrel-macos-arm64 3.4 163.00 NOTE
r-oldrel-macos-x86_64 3.4 364.00 NOTE
r-oldrel-windows-x86_64 3.4 159.00 332.00 491.00 OK

Check Details

Version: 3.4
Check: package dependencies
Result: ERROR Packages required but not available: 'cowplot', 'ggplot2', 'purrr', 'Seurat' See section ‘The DESCRIPTION file’ in the ‘Writing R Extensions’ manual. Flavor: r-devel-linux-x86_64-debian-gcc

Version: 3.4
Check: installed package size
Result: NOTE installed size is 9.6Mb sub-directories of 1Mb or more: data 1.6Mb libs 7.7Mb Flavors: r-release-macos-arm64, r-release-macos-x86_64, r-oldrel-macos-arm64, r-oldrel-macos-x86_64

Version: 3.4
Check: re-building of vignette outputs
Result: ERROR Error(s) in re-building vignettes: --- re-building 'DR-SC.Rmd' using rmarkdown Warning in get_engine(options$engine) : Unknown language engine 'Linux' (must be registered via knit_engines$set()). --- finished re-building 'DR-SC.Rmd' --- re-building 'DR.SC.DLPFC.Rmd' using rmarkdown --- finished re-building 'DR.SC.DLPFC.Rmd' --- re-building 'DR.SC.Simu.Rmd' using rmarkdown pandoc.exe: osCommitMemory: VirtualAlloc MEM_COMMIT failed to commit 1048576 bytes of memory (error code: 1455): Die Auslagerungsdatei ist zu klein, um diesen Vorgang durchzuf<fc>hren. Error: processing vignette 'DR.SC.Simu.Rmd' failed with diagnostics: pandoc document conversion failed with error 251 --- failed re-building 'DR.SC.Simu.Rmd' SUMMARY: processing the following file failed: 'DR.SC.Simu.Rmd' Error: Vignette re-building failed. Execution halted Flavor: r-release-windows-x86_64

Version: 3.4
Check: PDF version of manual
Result: WARN LaTeX errors when creating PDF version. This typically indicates Rd problems. Flavor: r-release-windows-x86_64

Version: 3.4
Check: PDF version of manual without index
Result: ERROR Re-running with no redirection of stdout/stderr. Flavor: r-release-windows-x86_64