CRAN Package Check Results for Package DLEGFM

Last updated on 2024-06-13 05:59:02 CEST.

Flavor Version Tinstall Tcheck Ttotal Status Flags
r-devel-linux-x86_64-debian-clang 0.4.0 3.56 31.60 35.16 OK
r-devel-linux-x86_64-debian-gcc 0.4.0 2.38 23.70 26.08 ERROR
r-devel-linux-x86_64-fedora-clang 0.4.0 43.79 NOTE
r-devel-linux-x86_64-fedora-gcc 0.4.0 42.50 NOTE
r-devel-windows-x86_64 0.4.0 5.00 48.00 53.00 OK
r-patched-linux-x86_64 0.4.0 3.64 30.06 33.70 OK
r-release-linux-x86_64 0.4.0 3.14 30.09 33.23 OK
r-release-macos-arm64 0.4.0 18.00 OK
r-release-macos-x86_64 0.4.0 29.00 OK
r-release-windows-x86_64 0.4.0 3.00 52.00 55.00 OK
r-oldrel-macos-arm64 0.4.0 31.00 OK
r-oldrel-macos-x86_64 0.4.0 43.00 OK
r-oldrel-windows-x86_64 0.4.0 4.00 51.00 55.00 OK

Check Details

Version: 0.4.0
Check: package dependencies
Result: NOTE Package suggested but not available for checking: ‘testthat’ Flavor: r-devel-linux-x86_64-debian-gcc

Version: 0.4.0
Check: tests
Result: ERROR Running ‘testthat.R’ [0s/1s] Running the tests in ‘tests/testthat.R’ failed. Complete output: > # This file is part of the standard setup for testthat. > # It is recommended that you do not modify it. > # > # Where should you do additional test configuration? > # Learn more about the roles of various files in: > # * https://r-pkgs.org/testing-design.html#sec-tests-files-overview > # * https://testthat.r-lib.org/articles/special-files.html > > > library(testthat) Error in library(testthat) : there is no package called 'testthat' Execution halted Flavor: r-devel-linux-x86_64-debian-gcc

Version: 0.4.0
Check: data for non-ASCII characters
Result: NOTE Note: found 3 marked UTF-8 strings Flavors: r-devel-linux-x86_64-fedora-clang, r-devel-linux-x86_64-fedora-gcc