CRAN Package Check Results for Package DEMOVA

Last updated on 2024-06-22 06:50:43 CEST.

Flavor Version Tinstall Tcheck Ttotal Status Flags
r-devel-linux-x86_64-debian-clang 1.0 2.51 24.83 27.34 NOTE
r-devel-linux-x86_64-debian-gcc 1.0 2.21 19.13 21.34 NOTE
r-devel-linux-x86_64-fedora-clang 1.0 34.76 NOTE
r-devel-linux-x86_64-fedora-gcc 1.0 33.85 NOTE
r-devel-windows-x86_64 1.0 3.00 42.00 45.00 NOTE
r-patched-linux-x86_64 1.0 3.47 23.87 27.34 NOTE
r-release-linux-x86_64 1.0 2.16 24.20 26.36 NOTE
r-release-macos-arm64 1.0 15.00 NOTE
r-release-macos-x86_64 1.0 22.00 NOTE
r-release-windows-x86_64 1.0 3.00 43.00 46.00 NOTE
r-oldrel-macos-arm64 1.0 17.00 NOTE
r-oldrel-macos-x86_64 1.0 20.00 NOTE
r-oldrel-windows-x86_64 1.0 3.00 42.00 45.00 NOTE

Check Details

Version: 1.0
Check: Rd files
Result: NOTE checkRd: (-1) scramb.Rd:44: Escaped LaTeX specials: \& Flavors: r-devel-linux-x86_64-debian-clang, r-devel-linux-x86_64-debian-gcc, r-devel-linux-x86_64-fedora-clang, r-devel-linux-x86_64-fedora-gcc, r-devel-windows-x86_64, r-patched-linux-x86_64, r-release-linux-x86_64, r-release-macos-arm64, r-release-macos-x86_64, r-release-windows-x86_64, r-oldrel-macos-arm64, r-oldrel-macos-x86_64, r-oldrel-windows-x86_64