CRAN Package Check Results for Package DCEmgmt

Last updated on 2024-06-14 05:58:19 CEST.

Flavor Version Tinstall Tcheck Ttotal Status Flags
r-devel-linux-x86_64-debian-clang 0.0.1 4.86 30.01 34.87 NOTE
r-devel-linux-x86_64-debian-gcc 0.0.1 0.36 1.86 2.22 ERROR
r-devel-linux-x86_64-fedora-clang 0.0.1 46.68 NOTE
r-devel-linux-x86_64-fedora-gcc 0.0.1 58.60 NOTE
r-devel-windows-x86_64 0.0.1 5.00 44.00 49.00 NOTE
r-patched-linux-x86_64 0.0.1 4.92 28.60 33.52 NOTE
r-release-linux-x86_64 0.0.1 4.39 28.94 33.33 NOTE
r-release-macos-arm64 0.0.1 24.00 NOTE
r-release-macos-x86_64 0.0.1 35.00 NOTE
r-release-windows-x86_64 0.0.1 6.00 50.00 56.00 NOTE
r-oldrel-macos-arm64 0.0.1 26.00 OK
r-oldrel-macos-x86_64 0.0.1 36.00 OK
r-oldrel-windows-x86_64 0.0.1 6.00 45.00 51.00 OK

Check Details

Version: 0.0.1
Check: Rd files
Result: NOTE checkRd: (-1) data.Rd:11: Lost braces 11 | \doi{10.1007/s40258-021-00647-3}{DOI} | ^ Flavors: r-devel-linux-x86_64-debian-clang, r-devel-linux-x86_64-fedora-clang, r-devel-linux-x86_64-fedora-gcc, r-devel-windows-x86_64, r-patched-linux-x86_64, r-release-linux-x86_64, r-release-macos-arm64, r-release-macos-x86_64, r-release-windows-x86_64

Version: 0.0.1
Check: package dependencies
Result: ERROR Package required but not available: ‘mlogit’ See section ‘The DESCRIPTION file’ in the ‘Writing R Extensions’ manual. Flavor: r-devel-linux-x86_64-debian-gcc

Version: 0.0.1
Check: data for non-ASCII characters
Result: NOTE Note: found 122 marked UTF-8 strings Flavors: r-devel-linux-x86_64-fedora-clang, r-devel-linux-x86_64-fedora-gcc