CRAN Package Check Results for Package DBItest

Last updated on 2024-07-20 18:57:28 CEST.

Flavor Version Tinstall Tcheck Ttotal Status Flags
r-devel-linux-x86_64-debian-clang 1.8.1 49.59 97.31 146.90 OK
r-devel-linux-x86_64-debian-gcc 1.8.1 36.07 72.29 108.36 OK
r-devel-linux-x86_64-fedora-clang 1.8.1 198.89 OK
r-devel-linux-x86_64-fedora-gcc 1.8.1 183.69 OK
r-devel-windows-x86_64 1.8.1 37.00 96.00 133.00 NOTE
r-patched-linux-x86_64 1.8.1 52.46 90.53 142.99 OK
r-release-linux-x86_64 1.8.1 31.66 94.12 125.78 OK
r-release-macos-arm64 1.8.1 55.00 OK
r-release-macos-x86_64 1.8.1 86.00 OK
r-release-windows-x86_64 1.8.1 36.00 92.00 128.00 OK
r-oldrel-macos-arm64 1.8.1 62.00 OK
r-oldrel-macos-x86_64 1.8.1 149.00 OK
r-oldrel-windows-x86_64 1.8.1 49.00 106.00 155.00 OK

Check Details

Version: 1.8.1
Check: Rd cross-references
Result: NOTE Found the following Rd file(s) with Rd \link{} targets missing package anchors: context.Rd: DBIConnector-class spec_arrow_append_table_arrow.Rd: dbQuoteIdentifier, dbReadTable spec_arrow_create_table_arrow.Rd: dbQuoteIdentifier spec_arrow_get_query_arrow.Rd: dbBind spec_arrow_read_table_arrow.Rd: dbGetQueryArrow, dbQuoteIdentifier spec_arrow_send_query_arrow.Rd: DBIResultArrow-class, dbFetchArrow, dbClearResult, dbBind spec_arrow_write_table_arrow.Rd: dbQuoteIdentifier, dbReadTable spec_compliance_methods.Rd: DBIDriver-class, DBIConnection-class, DBIResult-class spec_driver_connect.Rd: DBIConnection-class spec_driver_constructor.Rd: DBIDriver-class spec_driver_data_type.Rd: dbDataType spec_get_info.Rd: DBIDriver-class, DBIConnection-class, DBIResult-class, dbSendQuery, dbExecute, dbGetStatement, dbGetRowCount, dbGetRowsAffected, dbHasCompleted spec_meta_bind.Rd: dbSendQuery, dbSendQueryArrow, dbSendStatement, DBIResult-class, dbClearResult, dbBind, dbBindArrow, dbFetch, dbGetRowCount, dbGetRowsAffected, dbIsValid, dbHasCompleted spec_meta_column_info.Rd: dbFetch spec_meta_get_row_count.Rd: dbSendQuery, dbFetch, dbSendStatement, dbClearResult spec_meta_get_rows_affected.Rd: dbSendStatement, dbFetch, dbSendQuery, dbClearResult spec_meta_get_statement.Rd: dbSendQuery, dbSendStatement, dbClearResult spec_meta_has_completed.Rd: dbSendQuery, dbFetch, dbSendStatement, dbClearResult spec_meta_is_valid.Rd: DBIConnection-class, dbDisconnect, DBIResult-class, dbSendQuery, dbClearResult, dbSendStatement spec_result_clear_result.Rd: dbSendQuery, dbSendStatement spec_result_execute.Rd: dbBind spec_result_fetch.Rd: dbSendStatement spec_result_get_query.Rd: dbBind spec_result_send_query.Rd: DBIResult-class, dbFetch, dbClearResult, dbBind spec_result_send_statement.Rd: DBIResult-class, dbGetRowsAffected, dbClearResult, dbBind spec_sql_append_table.Rd: dbQuoteIdentifier, dbReadTable spec_sql_create_table.Rd: dbQuoteIdentifier spec_sql_exists_table.Rd: dbQuoteIdentifier, dbListTables spec_sql_list_fields.Rd: dbQuoteIdentifier, dbListObjects spec_sql_list_objects.Rd: dbQuoteIdentifier, dbWriteTable, dbListTables, dbUnquoteIdentifier, Id, dbExistsTable spec_sql_list_tables.Rd: dbWriteTable spec_sql_quote_identifier.Rd: SQL, dbGetQuery spec_sql_quote_literal.Rd: SQL spec_sql_quote_string.Rd: SQL spec_sql_read_table.Rd: dbGetQuery, sqlColumnToRownames, dbQuoteIdentifier spec_sql_remove_table.Rd: dbQuoteIdentifier, dbListTables, dbExistsTable spec_sql_unquote_identifier.Rd: Id, dbQuoteIdentifier, SQL spec_sql_write_table.Rd: dbQuoteIdentifier, dbReadTable, dbDataType, sqlRownamesToColumn spec_transaction_with_transaction.Rd: dbBegin, dbCommit, dbRollback test_data_type.Rd: dbDataType tweaks.Rd: dbBind, dbGetRowsAffected Please provide package anchors for all Rd \link{} targets not in the package itself and the base packages. Flavor: r-devel-windows-x86_64