CRAN Package Check Results for Package DALSM

Last updated on 2024-06-16 05:52:51 CEST.

Flavor Version Tinstall Tcheck Ttotal Status Flags
r-devel-linux-x86_64-debian-clang 0.9.1 7.29 72.05 79.34 NOTE
r-devel-linux-x86_64-debian-gcc 0.9.1 5.42 54.35 59.77 NOTE
r-devel-linux-x86_64-fedora-clang 0.9.1 98.24 NOTE
r-devel-linux-x86_64-fedora-gcc 0.9.1 96.67 NOTE
r-devel-windows-x86_64 0.9.1 7.00 89.00 96.00 NOTE
r-patched-linux-x86_64 0.9.1 6.43 70.66 77.09 NOTE
r-release-linux-x86_64 0.9.1 6.38 69.74 76.12 NOTE
r-release-macos-arm64 0.9.1 31.00 NOTE
r-release-macos-x86_64 0.9.1 51.00 NOTE
r-release-windows-x86_64 0.9.1 6.00 89.00 95.00 NOTE
r-oldrel-macos-arm64 0.9.1 35.00 OK
r-oldrel-macos-x86_64 0.9.1 99.00 OK
r-oldrel-windows-x86_64 0.9.1 8.00 95.00 103.00 OK

Check Details

Version: 0.9.1
Check: Rd files
Result: NOTE checkRd: (-1) DALSM.object.Rd:11: Lost braces in \itemize; \value handles \item{}{} directly checkRd: (-1) DALSM.object.Rd:12: Lost braces in \itemize; \value handles \item{}{} directly checkRd: (-1) DALSM.object.Rd:13: Lost braces in \itemize; \value handles \item{}{} directly checkRd: (-1) DALSM.object.Rd:14: Lost braces in \itemize; \value handles \item{}{} directly checkRd: (-1) DALSM.object.Rd:15: Lost braces in \itemize; \value handles \item{}{} directly checkRd: (-1) DALSM.object.Rd:16: Lost braces in \itemize; \value handles \item{}{} directly checkRd: (-1) DALSM.object.Rd:17: Lost braces in \itemize; \value handles \item{}{} directly checkRd: (-1) DALSM.object.Rd:18: Lost braces in \itemize; \value handles \item{}{} directly checkRd: (-1) DALSM.object.Rd:22: Lost braces in \itemize; \value handles \item{}{} directly checkRd: (-1) DALSM.object.Rd:23: Lost braces in \itemize; \value handles \item{}{} directly checkRd: (-1) DALSM.object.Rd:24: Lost braces in \itemize; \value handles \item{}{} directly checkRd: (-1) DALSM.object.Rd:25: Lost braces in \itemize; \value handles \item{}{} directly checkRd: (-1) DALSM.object.Rd:26: Lost braces in \itemize; \value handles \item{}{} directly checkRd: (-1) DALSM.object.Rd:27: Lost braces in \itemize; \value handles \item{}{} directly checkRd: (-1) DALSM.object.Rd:28: Lost braces in \itemize; \value handles \item{}{} directly checkRd: (-1) DALSM.object.Rd:29: Lost braces in \itemize; \value handles \item{}{} directly checkRd: (-1) DALSM.object.Rd:30: Lost braces in \itemize; \value handles \item{}{} directly checkRd: (-1) DALSM.object.Rd:31: Lost braces in \itemize; \value handles \item{}{} directly checkRd: (-1) DALSM.object.Rd:32: Lost braces in \itemize; \value handles \item{}{} directly checkRd: (-1) DALSM.object.Rd:33: Lost braces in \itemize; \value handles \item{}{} directly checkRd: (-1) DALSM.object.Rd:34: Lost braces in \itemize; \value handles \item{}{} directly checkRd: (-1) DALSM.object.Rd:35: Lost braces in \itemize; \value handles \item{}{} directly checkRd: (-1) DALSM.object.Rd:36: Lost braces in \itemize; \value handles \item{}{} directly checkRd: (-1) DALSM.object.Rd:37: Lost braces in \itemize; \value handles \item{}{} directly checkRd: (-1) DALSM.object.Rd:38: Lost braces in \itemize; \value handles \item{}{} directly checkRd: (-1) DALSM.object.Rd:39: Lost braces in \itemize; \value handles \item{}{} directly checkRd: (-1) DALSM.object.Rd:40: Lost braces in \itemize; \value handles \item{}{} directly checkRd: (-1) DALSM.object.Rd:41: Lost braces in \itemize; \value handles \item{}{} directly checkRd: (-1) DALSM.object.Rd:42: Lost braces in \itemize; \value handles \item{}{} directly checkRd: (-1) DALSM.object.Rd:43: Lost braces in \itemize; \value handles \item{}{} directly checkRd: (-1) DALSM.object.Rd:44: Lost braces in \itemize; \value handles \item{}{} directly checkRd: (-1) DALSM.object.Rd:45: Lost braces in \itemize; \value handles \item{}{} directly checkRd: (-1) DALSM.object.Rd:46: Lost braces in \itemize; \value handles \item{}{} directly checkRd: (-1) DALSM.object.Rd:47: Lost braces in \itemize; \value handles \item{}{} directly checkRd: (-1) DALSM.object.Rd:48: Lost braces in \itemize; \value handles \item{}{} directly checkRd: (-1) DALSM.object.Rd:49: Lost braces in \itemize; \value handles \item{}{} directly checkRd: (-1) DALSM.object.Rd:50: Lost braces in \itemize; \value handles \item{}{} directly checkRd: (-1) DALSM.object.Rd:51: Lost braces in \itemize; \value handles \item{}{} directly checkRd: (-1) DALSM.object.Rd:52: Lost braces in \itemize; \value handles \item{}{} directly checkRd: (-1) DALSM.object.Rd:56: Lost braces in \itemize; \value handles \item{}{} directly checkRd: (-1) DALSM.object.Rd:57: Lost braces in \itemize; \value handles \item{}{} directly checkRd: (-1) DALSM.object.Rd:58: Lost braces in \itemize; \value handles \item{}{} directly checkRd: (-1) DALSM.object.Rd:59: Lost braces in \itemize; \value handles \item{}{} directly checkRd: (-1) DALSM.object.Rd:60: Lost braces in \itemize; \value handles \item{}{} directly checkRd: (-1) DALSM.object.Rd:61: Lost braces in \itemize; \value handles \item{}{} directly checkRd: (-1) DALSM.object.Rd:62: Lost braces in \itemize; \value handles \item{}{} directly checkRd: (-1) DALSM.object.Rd:63: Lost braces in \itemize; \value handles \item{}{} directly checkRd: (-1) DALSM.object.Rd:67: Lost braces in \itemize; \value handles \item{}{} directly checkRd: (-1) DALSM.object.Rd:68: Lost braces in \itemize; \value handles \item{}{} directly checkRd: (-1) DALSM.object.Rd:69: Lost braces in \itemize; \value handles \item{}{} directly checkRd: (-1) DALSM.object.Rd:70: Lost braces in \itemize; \value handles \item{}{} directly checkRd: (-1) DALSM.object.Rd:71: Lost braces in \itemize; \value handles \item{}{} directly checkRd: (-1) DALSM.object.Rd:72: Lost braces in \itemize; \value handles \item{}{} directly checkRd: (-1) DALSM.object.Rd:73: Lost braces in \itemize; \value handles \item{}{} directly checkRd: (-1) DALSM.object.Rd:74: Lost braces in \itemize; \value handles \item{}{} directly checkRd: (-1) DALSM_IncomeData.Rd:10: Lost braces in \itemize; meant \describe ? checkRd: (-1) DALSM_IncomeData.Rd:11: Lost braces in \itemize; meant \describe ? checkRd: (-1) DALSM_IncomeData.Rd:12: Lost braces in \itemize; meant \describe ? checkRd: (-1) DALSM_IncomeData.Rd:13: Lost braces in \itemize; meant \describe ? checkRd: (-1) DALSM_IncomeData.Rd:14: Lost braces in \itemize; meant \describe ? checkRd: (-1) DALSM_additive.Rd:27: Lost braces in \itemize; \value handles \item{}{} directly checkRd: (-1) DALSM_additive.Rd:28: Lost braces in \itemize; \value handles \item{}{} directly checkRd: (-1) DALSM_additive.Rd:29: Lost braces in \itemize; \value handles \item{}{} directly checkRd: (-1) DALSM_additive.Rd:30: Lost braces in \itemize; \value handles \item{}{} directly checkRd: (-1) DALSM_additive.Rd:31: Lost braces in \itemize; \value handles \item{}{} directly checkRd: (-1) DALSM_additive.Rd:32: Lost braces in \itemize; \value handles \item{}{} directly checkRd: (-1) DALSM_additive.Rd:33: Lost braces in \itemize; \value handles \item{}{} directly checkRd: (-1) DALSM_additive.Rd:34: Lost braces in \itemize; \value handles \item{}{} directly checkRd: (-1) DALSM_additive.Rd:35: Lost braces in \itemize; \value handles \item{}{} directly checkRd: (-1) DALSM_additive.Rd:36: Lost braces in \itemize; \value handles \item{}{} directly checkRd: (-1) DALSM_additive.Rd:37: Lost braces in \itemize; \value handles \item{}{} directly checkRd: (-1) DALSM_additive.Rd:38: Lost braces in \itemize; \value handles \item{}{} directly checkRd: (-1) Dens1d.object.Rd:10: Lost braces in \itemize; \value handles \item{}{} directly checkRd: (-1) Dens1d.object.Rd:11: Lost braces in \itemize; \value handles \item{}{} directly checkRd: (-1) Dens1d.object.Rd:12: Lost braces in \itemize; \value handles \item{}{} directly checkRd: (-1) Dens1d.object.Rd:13: Lost braces in \itemize; \value handles \item{}{} directly checkRd: (-1) Dens1d.object.Rd:14: Lost braces in \itemize; \value handles \item{}{} directly checkRd: (-1) Dens1d.object.Rd:15: Lost braces in \itemize; \value handles \item{}{} directly checkRd: (-1) Dens1d.object.Rd:16: Lost braces in \itemize; \value handles \item{}{} directly checkRd: (-1) Dens1d.object.Rd:17: Lost braces in \itemize; \value handles \item{}{} directly checkRd: (-1) Dens1d.object.Rd:18: Lost braces in \itemize; \value handles \item{}{} directly checkRd: (-1) Dens1d.object.Rd:19: Lost braces in \itemize; \value handles \item{}{} directly checkRd: (-1) Dens1d.object.Rd:20: Lost braces in \itemize; \value handles \item{}{} directly checkRd: (-1) Dens1d.object.Rd:21: Lost braces in \itemize; \value handles \item{}{} directly checkRd: (-1) Dens1d.object.Rd:22: Lost braces in \itemize; \value handles \item{}{} directly checkRd: (-1) Dens1d.object.Rd:23: Lost braces in \itemize; \value handles \item{}{} directly checkRd: (-1) Dens1d.object.Rd:24: Lost braces in \itemize; \value handles \item{}{} directly checkRd: (-1) Dens1d.object.Rd:25: Lost braces in \itemize; \value handles \item{}{} directly checkRd: (-1) Dens1d.object.Rd:26: Lost braces in \itemize; \value handles \item{}{} directly checkRd: (-1) Dens1d.object.Rd:27: Lost braces in \itemize; \value handles \item{}{} directly checkRd: (-1) Dens1d.object.Rd:28: Lost braces in \itemize; \value handles \item{}{} directly checkRd: (-1) Dens1d.object.Rd:29: Lost braces in \itemize; \value handles \item{}{} directly checkRd: (-1) Dens1d.object.Rd:30: Lost braces in \itemize; \value handles \item{}{} directly checkRd: (-1) Dens1d.object.Rd:31: Lost braces in \itemize; \value handles \item{}{} directly checkRd: (-1) Dens1d.object.Rd:32: Lost braces in \itemize; \value handles \item{}{} directly checkRd: (-1) Dens1d.object.Rd:33: Lost braces in \itemize; \value handles \item{}{} directly checkRd: (-1) Dens1d.object.Rd:34: Lost braces in \itemize; \value handles \item{}{} directly checkRd: (-1) Dens1d.object.Rd:35: Lost braces in \itemize; \value handles \item{}{} directly checkRd: (-1) Dens1d.object.Rd:36: Lost braces in \itemize; \value handles \item{}{} directly checkRd: (-1) DesignFormula.Rd:23: Lost braces in \itemize; \value handles \item{}{} directly checkRd: (-1) DesignFormula.Rd:24: Lost braces in \itemize; \value handles \item{}{} directly checkRd: (-1) DesignFormula.Rd:25: Lost braces in \itemize; \value handles \item{}{} directly checkRd: (-1) DesignFormula.Rd:26: Lost braces in \itemize; \value handles \item{}{} directly checkRd: (-1) DesignFormula.Rd:27: Lost braces in \itemize; \value handles \item{}{} directly checkRd: (-1) DesignFormula.Rd:28: Lost braces in \itemize; \value handles \item{}{} directly checkRd: (-1) DesignFormula.Rd:29: Lost braces in \itemize; \value handles \item{}{} directly checkRd: (-1) DesignFormula.Rd:30: Lost braces in \itemize; \value handles \item{}{} directly checkRd: (-1) DesignFormula.Rd:31: Lost braces in \itemize; \value handles \item{}{} directly checkRd: (-1) DesignFormula.Rd:32: Lost braces in \itemize; \value handles \item{}{} directly checkRd: (-1) DesignFormula.Rd:33: Lost braces in \itemize; \value handles \item{}{} directly checkRd: (-1) DesignFormula.Rd:34: Lost braces in \itemize; \value handles \item{}{} directly checkRd: (-1) DesignFormula.Rd:35: Lost braces in \itemize; \value handles \item{}{} directly checkRd: (-1) centeredBasis.gen.Rd:21: Lost braces in \itemize; \value handles \item{}{} directly checkRd: (-1) centeredBasis.gen.Rd:22: Lost braces in \itemize; \value handles \item{}{} directly checkRd: (-1) centeredBasis.gen.Rd:23: Lost braces in \itemize; \value handles \item{}{} directly checkRd: (-1) centeredBasis.gen.Rd:24: Lost braces in \itemize; \value handles \item{}{} directly checkRd: (-1) centeredBasis.gen.Rd:25: Lost braces in \itemize; \value handles \item{}{} directly checkRd: (-1) densLPS.object.Rd:10: Lost braces in \itemize; \value handles \item{}{} directly checkRd: (-1) densLPS.object.Rd:11: Lost braces in \itemize; \value handles \item{}{} directly checkRd: (-1) densLPS.object.Rd:12: Lost braces in \itemize; \value handles \item{}{} directly checkRd: (-1) densLPS.object.Rd:13: Lost braces in \itemize; \value handles \item{}{} directly checkRd: (-1) densLPS.object.Rd:14: Lost braces in \itemize; \value handles \item{}{} directly checkRd: (-1) densLPS.object.Rd:15: Lost braces in \itemize; \value handles \item{}{} directly checkRd: (-1) densLPS.object.Rd:16: Lost braces in \itemize; \value handles \item{}{} directly checkRd: (-1) densLPS.object.Rd:17: Lost braces in \itemize; \value handles \item{}{} directly checkRd: (-1) densLPS.object.Rd:18: Lost braces in \itemize; \value handles \item{}{} directly checkRd: (-1) densLPS.object.Rd:19: Lost braces in \itemize; \value handles \item{}{} directly checkRd: (-1) densLPS.object.Rd:20: Lost braces in \itemize; \value handles \item{}{} directly checkRd: (-1) densLPS.object.Rd:21: Lost braces in \itemize; \value handles \item{}{} directly checkRd: (-1) densLPS.object.Rd:22: Lost braces in \itemize; \value handles \item{}{} directly checkRd: (-1) densLPS.object.Rd:23: Lost braces in \itemize; \value handles \item{}{} directly checkRd: (-1) densLPS.object.Rd:24: Lost braces in \itemize; \value handles \item{}{} directly checkRd: (-1) densLPS.object.Rd:25: Lost braces in \itemize; \value handles \item{}{} directly checkRd: (-1) densLPS.object.Rd:26: Lost braces in \itemize; \value handles \item{}{} directly checkRd: (-1) densLPS.object.Rd:27: Lost braces in \itemize; \value handles \item{}{} directly checkRd: (-1) densLPS.object.Rd:28: Lost braces in \itemize; \value handles \item{}{} directly checkRd: (-1) densLPS.object.Rd:29: Lost braces in \itemize; \value handles \item{}{} directly checkRd: (-1) densLPS.object.Rd:30: Lost braces in \itemize; \value handles \item{}{} directly checkRd: (-1) densLPS.object.Rd:31: Lost braces in \itemize; \value handles \item{}{} directly checkRd: (-1) densLPS.object.Rd:32: Lost braces in \itemize; \value handles \item{}{} directly checkRd: (-1) densLPS.object.Rd:33: Lost braces in \itemize; \value handles \item{}{} directly checkRd: (-1) densLPS.object.Rd:34: Lost braces in \itemize; \value handles \item{}{} directly checkRd: (-1) densLPS.object.Rd:35: Lost braces in \itemize; \value handles \item{}{} directly checkRd: (-1) plot.DALSM.Rd:42: Lost braces in \itemize; \value handles \item{}{} directly checkRd: (-1) plot.DALSM.Rd:43: Lost braces in \itemize; \value handles \item{}{} directly checkRd: (-1) plot.DALSM.Rd:44: Lost braces in \itemize; \value handles \item{}{} directly checkRd: (-1) plot.DALSM.Rd:45: Lost braces in \itemize; \value handles \item{}{} directly checkRd: (-1) plot.DALSM.Rd:46: Lost braces in \itemize; \value handles \item{}{} directly checkRd: (-1) plot.DALSM.Rd:47: Lost braces in \itemize; \value handles \item{}{} directly checkRd: (-1) plot.DALSM.Rd:48: Lost braces in \itemize; \value handles \item{}{} directly checkRd: (-1) plot.DALSM.Rd:49: Lost braces in \itemize; \value handles \item{}{} directly checkRd: (-1) predict.DALSM.Rd:21: Lost braces in \itemize; \value handles \item{}{} directly checkRd: (-1) predict.DALSM.Rd:22: Lost braces in \itemize; \value handles \item{}{} directly checkRd: (-1) predict.DALSM.Rd:23: Lost braces in \itemize; \value handles \item{}{} directly checkRd: (-1) predict.DALSM.Rd:24: Lost braces in \itemize; \value handles \item{}{} directly checkRd: (-1) predict.DALSM.Rd:25: Lost braces in \itemize; \value handles \item{}{} directly checkRd: (-1) qknots.Rd:25: Lost braces in \itemize; \value handles \item{}{} directly checkRd: (-1) qknots.Rd:26: Lost braces in \itemize; \value handles \item{}{} directly checkRd: (-1) qknots.Rd:27: Lost braces in \itemize; \value handles \item{}{} directly checkRd: (-1) qknots.Rd:28: Lost braces in \itemize; \value handles \item{}{} directly checkRd: (-1) qknots.Rd:29: Lost braces in \itemize; \value handles \item{}{} directly checkRd: (-1) qknots.Rd:30: Lost braces in \itemize; \value handles \item{}{} directly Flavors: r-devel-linux-x86_64-debian-clang, r-devel-linux-x86_64-debian-gcc, r-devel-linux-x86_64-fedora-clang, r-devel-linux-x86_64-fedora-gcc, r-devel-windows-x86_64, r-patched-linux-x86_64, r-release-linux-x86_64, r-release-macos-arm64, r-release-macos-x86_64, r-release-windows-x86_64