CRAN Package Check Results for Package Coxmos

Last updated on 2024-06-12 17:57:12 CEST.

Flavor Version Tinstall Tcheck Ttotal Status Flags
r-devel-linux-x86_64-debian-clang 1.0.2 43.70 601.06 644.76 OK
r-devel-linux-x86_64-debian-gcc 1.0.2 0.76 1.95 2.71 ERROR
r-devel-linux-x86_64-fedora-clang 1.0.2 796.66 NOTE
r-devel-linux-x86_64-fedora-gcc 1.0.2 797.68 OK
r-devel-windows-x86_64 1.0.2 36.00 389.00 425.00 NOTE
r-patched-linux-x86_64 1.0.2 44.27 566.27 610.54 OK
r-release-linux-x86_64 1.0.2 42.49 568.90 611.39 OK
r-release-macos-arm64 1.0.2 170.00 NOTE
r-release-macos-x86_64 1.0.2 268.00 NOTE
r-release-windows-x86_64 1.0.2 39.00 412.00 451.00 FAIL
r-oldrel-macos-arm64 1.0.2 120.00 NOTE
r-oldrel-macos-x86_64 1.0.2 225.00 NOTE
r-oldrel-windows-x86_64 1.0.2 51.00 509.00 560.00 NOTE

Check Details

Version: 1.0.2
Check: package dependencies
Result: ERROR Packages required but not available: 'caret', 'cowplot', 'furrr', 'ggrepel', 'ggplot2', 'ggpubr', 'mixOmics', 'progress', 'purrr', 'scattermore', 'survminer', 'tidyr' Packages suggested but not available for checking: 'nsROC', 'ggforce', 'RColorConesa' See section ‘The DESCRIPTION file’ in the ‘Writing R Extensions’ manual. Flavor: r-devel-linux-x86_64-debian-gcc

Version: 1.0.2
Check: installed package size
Result: NOTE installed size is 5.4Mb sub-directories of 1Mb or more: data 1.2Mb doc 2.9Mb Flavors: r-devel-linux-x86_64-fedora-clang, r-devel-windows-x86_64, r-release-macos-arm64, r-release-macos-x86_64, r-release-windows-x86_64, r-oldrel-macos-arm64, r-oldrel-macos-x86_64, r-oldrel-windows-x86_64

Version: 1.0.2
Check: HTML version of manual
Result: FAIL
Flavor: r-release-windows-x86_64