CRAN Package Check Results for Package CoreMicrobiomeR

Last updated on 2024-06-13 17:49:07 CEST.

Flavor Version Tinstall Tcheck Ttotal Status Flags
r-devel-linux-x86_64-debian-clang 0.1.0 2.92 45.66 48.58 OK
r-devel-linux-x86_64-debian-gcc 0.1.0 0.34 1.55 1.89 ERROR
r-devel-linux-x86_64-fedora-clang 0.1.0 58.86 OK
r-devel-linux-x86_64-fedora-gcc 0.1.0 60.22 OK
r-devel-windows-x86_64 0.1.0 4.00 53.00 57.00 OK
r-patched-linux-x86_64 0.1.0 2.66 43.35 46.01 OK
r-release-linux-x86_64 0.1.0 3.59 42.60 46.19 OK
r-release-macos-arm64 0.1.0 22.00 OK
r-release-macos-x86_64 0.1.0 35.00 OK
r-release-windows-x86_64 0.1.0 5.00 57.00 62.00 OK
r-oldrel-macos-arm64 0.1.0 32.00 OK
r-oldrel-macos-x86_64 0.1.0 38.00 OK
r-oldrel-windows-x86_64 0.1.0 6.00 63.00 69.00 OK

Check Details

Version: 0.1.0
Check: package dependencies
Result: ERROR Packages required but not available: 'ggplot2', 'ggrepel', 'plotly', 'reshape2' See section ‘The DESCRIPTION file’ in the ‘Writing R Extensions’ manual. Flavor: r-devel-linux-x86_64-debian-gcc