CRAN Package Check Results for Package CooRTweet

Last updated on 2024-06-12 17:57:12 CEST.

Flavor Version Tinstall Tcheck Ttotal Status Flags
r-devel-linux-x86_64-debian-clang 2.0.2 8.85 205.80 214.65 OK
r-devel-linux-x86_64-debian-gcc 2.0.2 0.48 1.86 2.34 ERROR
r-devel-linux-x86_64-fedora-clang 2.0.2 282.83 OK
r-devel-linux-x86_64-fedora-gcc 2.0.2 290.39 OK
r-devel-windows-x86_64 2.0.2 7.00 177.00 184.00 OK
r-patched-linux-x86_64 2.0.2 8.60 203.96 212.56 OK
r-release-linux-x86_64 2.0.2 7.81 201.11 208.92 OK
r-release-macos-arm64 2.0.2 80.00 OK
r-release-macos-x86_64 2.0.2 167.00 OK
r-release-windows-x86_64 2.0.2 8.00 191.00 199.00 OK
r-oldrel-macos-arm64 2.0.2 89.00 OK
r-oldrel-macos-x86_64 2.0.2 247.00 OK
r-oldrel-windows-x86_64 2.0.2 10.00 211.00 221.00 OK

Check Details

Version: 2.0.2
Check: package dependencies
Result: ERROR Packages required but not available: 'tidytable', 'lubridate', 'igraph' Package suggested but not available for checking: ‘testthat’ See section ‘The DESCRIPTION file’ in the ‘Writing R Extensions’ manual. Flavor: r-devel-linux-x86_64-debian-gcc